Last updated on 2025-02-19 09:50:48 CET.
Flavor | Version | Tinstall | Tcheck | Ttotal | Status | Flags |
---|---|---|---|---|---|---|
r-devel-linux-x86_64-debian-clang | 1.2.2 | 19.71 | 94.46 | 114.17 | NOTE | |
r-devel-linux-x86_64-debian-gcc | 1.2.2 | 13.13 | 59.66 | 72.79 | NOTE | |
r-devel-linux-x86_64-fedora-clang | 1.2.2 | 185.54 | NOTE | |||
r-devel-linux-x86_64-fedora-gcc | 1.2.2 | 181.26 | NOTE | |||
r-devel-macos-arm64 | 1.2.2 | 41.00 | NOTE | |||
r-devel-macos-x86_64 | 1.2.2 | 116.00 | NOTE | |||
r-devel-windows-x86_64 | 1.2.2 | 18.00 | 100.00 | 118.00 | NOTE | |
r-patched-linux-x86_64 | 1.2.2 | 17.80 | 88.12 | 105.92 | NOTE | |
r-release-linux-x86_64 | 1.2.2 | 18.53 | 87.10 | 105.63 | NOTE | |
r-release-macos-arm64 | 1.2.2 | 41.00 | NOTE | |||
r-release-macos-x86_64 | 1.2.2 | 106.00 | NOTE | |||
r-release-windows-x86_64 | 1.2.2 | 18.00 | 100.00 | 118.00 | NOTE | |
r-oldrel-macos-arm64 | 1.2.2 | 47.00 | NOTE | |||
r-oldrel-macos-x86_64 | 1.2.2 | 80.00 | NOTE | |||
r-oldrel-windows-x86_64 | 1.2.2 | 22.00 | 124.00 | 146.00 | NOTE |
Version: 1.2.2
Check: Rd files
Result: NOTE
checkRd: (-1) ccF.Rd:5: Escaped LaTeX specials: \&
checkRd: (-1) ccF.Rd:32: Escaped LaTeX specials: \&
checkRd: (-1) ccF.Rd:29: Escaped LaTeX specials: \&
checkRd: (-1) ccF.Rd:42: Lost braces
42 | CALI\'{N}SKI, T.; CORSTEN, L. C. A. Clustering
| ^
Flavors: r-devel-linux-x86_64-debian-clang, r-devel-linux-x86_64-debian-gcc, r-devel-linux-x86_64-fedora-clang, r-devel-linux-x86_64-fedora-gcc, r-devel-macos-arm64, r-devel-macos-x86_64, r-devel-windows-x86_64, r-patched-linux-x86_64, r-release-linux-x86_64, r-release-macos-arm64, r-release-macos-x86_64, r-release-windows-x86_64
Version: 1.2.2
Check: Rd files
Result: NOTE
checkRd: (-1) ccF.Rd:5: Escaped LaTeX specials: \&
checkRd: (-1) ccF.Rd:32: Escaped LaTeX specials: \&
checkRd: (-1) ccF.Rd:29: Escaped LaTeX specials: \&
Flavors: r-oldrel-macos-arm64, r-oldrel-macos-x86_64, r-oldrel-windows-x86_64