Last updated on 2025-02-16 09:50:38 CET.
Flavor | Version | Tinstall | Tcheck | Ttotal | Status | Flags |
---|---|---|---|---|---|---|
r-devel-linux-x86_64-debian-clang | 2.8.23 | 3.95 | 36.22 | 40.17 | NOTE | |
r-devel-linux-x86_64-debian-gcc | 2.8.23 | 2.68 | 27.06 | 29.74 | NOTE | |
r-devel-linux-x86_64-fedora-clang | 2.8.23 | 64.88 | OK | |||
r-devel-linux-x86_64-fedora-gcc | 2.8.23 | 59.65 | OK | |||
r-devel-macos-arm64 | 2.8.23 | 24.00 | OK | |||
r-devel-macos-x86_64 | 2.8.23 | 56.00 | OK | |||
r-devel-windows-x86_64 | 2.8.23 | 5.00 | 71.00 | 76.00 | NOTE | |
r-patched-linux-x86_64 | 2.8.23 | 5.20 | 34.12 | 39.32 | OK | |
r-release-linux-x86_64 | 2.8.23 | 3.56 | 33.69 | 37.25 | OK | |
r-release-macos-arm64 | 2.8.23 | 23.00 | OK | |||
r-release-macos-x86_64 | 2.8.23 | 39.00 | OK | |||
r-release-windows-x86_64 | 2.8.23 | 5.00 | 64.00 | 69.00 | OK | |
r-oldrel-macos-arm64 | 2.8.23 | 26.00 | OK | |||
r-oldrel-macos-x86_64 | 2.8.23 | 34.00 | OK | |||
r-oldrel-windows-x86_64 | 2.8.23 | 9.00 | 70.00 | 79.00 | OK |
Version: 2.8.23
Check: Rd cross-references
Result: NOTE
Found the following Rd file(s) with Rd \link{} targets missing package
anchors:
epGraphs.Rd: prettyGraphs, createColorVectorsByDesign, prettyPlot
Please provide package anchors for all Rd \link{} targets not in the
package itself and the base packages.
Flavors: r-devel-linux-x86_64-debian-clang, r-devel-linux-x86_64-debian-gcc, r-devel-windows-x86_64