Last updated on 2025-05-09 09:51:40 CEST.
Flavor | Version | Tinstall | Tcheck | Ttotal | Status | Flags |
---|---|---|---|---|---|---|
r-devel-linux-x86_64-debian-clang | 0.1.4 | 2.68 | 25.32 | 28.00 | NOTE | |
r-devel-linux-x86_64-debian-gcc | 0.1.4 | 1.97 | 19.89 | 21.86 | NOTE | |
r-devel-linux-x86_64-fedora-clang | 0.1.4 | 45.02 | OK | |||
r-devel-linux-x86_64-fedora-gcc | 0.1.4 | 409.87 | OK | |||
r-devel-windows-x86_64 | 0.1.4 | 4.00 | 46.00 | 50.00 | OK | |
r-patched-linux-x86_64 | 0.1.4 | 2.22 | 24.45 | 26.67 | OK | |
r-release-linux-x86_64 | 0.1.4 | 2.56 | 24.18 | 26.74 | OK | |
r-release-macos-arm64 | 0.1.4 | 154.00 | OK | |||
r-release-macos-x86_64 | 0.1.4 | 505.00 | OK | |||
r-release-windows-x86_64 | 0.1.4 | 4.00 | 47.00 | 51.00 | OK | |
r-oldrel-macos-arm64 | 0.1.4 | 150.00 | OK | |||
r-oldrel-macos-x86_64 | 0.1.4 | 398.00 | OK | |||
r-oldrel-windows-x86_64 | 0.1.4 | 4.00 | 51.00 | 55.00 | OK |
Version: 0.1.4
Check: CRAN incoming feasibility
Result: NOTE
Maintainer: ‘Xiao-Jun Mao <maoxj.ki@gmail.com>’
No Authors@R field in DESCRIPTION.
Please add one, modifying
Authors@R: c(person(given = "Mu-Fa",
family = "Chen",
role = "aut",
email = "mfchen@bnu.edu.cn"),
person(given = "Xiao-Jun",
family = "Mao",
role = "cre",
email = "maoxj.ki@gmail.com"))
as necessary.
Flavors: r-devel-linux-x86_64-debian-clang, r-devel-linux-x86_64-debian-gcc