Last updated on 2025-04-16 09:52:58 CEST.
Flavor | Version | Tinstall | Tcheck | Ttotal | Status | Flags |
---|---|---|---|---|---|---|
r-devel-linux-x86_64-debian-clang | 1.0 | 6.55 | 52.22 | 58.77 | OK | |
r-devel-linux-x86_64-debian-gcc | 1.0 | 4.25 | 39.78 | 44.03 | OK | |
r-devel-linux-x86_64-fedora-clang | 1.0 | 94.13 | OK | |||
r-devel-linux-x86_64-fedora-gcc | 1.0 | 91.71 | OK | |||
r-devel-windows-x86_64 | 1.0 | 7.00 | 65.00 | 72.00 | OK | |
r-patched-linux-x86_64 | 1.0 | 6.29 | 50.89 | 57.18 | OK | |
r-release-linux-x86_64 | 1.0 | 6.46 | 49.79 | 56.25 | OK | |
r-release-macos-arm64 | 1.0 | 31.00 | OK | |||
r-release-macos-x86_64 | 1.0 | 72.00 | OK | |||
r-release-windows-x86_64 | 1.0 | 7.00 | 66.00 | 73.00 | OK | |
r-oldrel-macos-arm64 | 1.0 | 29.00 | NOTE | |||
r-oldrel-macos-x86_64 | 1.0 | 43.00 | NOTE | |||
r-oldrel-windows-x86_64 | 1.0 | 9.00 | 75.00 | 84.00 | NOTE |
Version: 1.0
Check: LazyData
Result: NOTE
'LazyData' is specified without a 'data' directory
Flavors: r-oldrel-macos-arm64, r-oldrel-macos-x86_64, r-oldrel-windows-x86_64