Last updated on 2025-04-15 09:52:19 CEST.
Flavor | Version | Tinstall | Tcheck | Ttotal | Status | Flags |
---|---|---|---|---|---|---|
r-devel-linux-x86_64-debian-clang | 1.2-4 | 15.67 | 105.42 | 121.09 | NOTE | |
r-devel-linux-x86_64-debian-gcc | 1.2-4 | 10.29 | 69.06 | 79.35 | NOTE | |
r-devel-linux-x86_64-fedora-clang | 1.2-4 | 208.24 | OK | |||
r-devel-linux-x86_64-fedora-gcc | 1.2-4 | 191.69 | OK | |||
r-devel-windows-x86_64 | 1.2-4 | 17.00 | 118.00 | 135.00 | NOTE | |
r-patched-linux-x86_64 | 1.2-4 | 18.97 | 98.42 | 117.39 | NOTE | |
r-release-linux-x86_64 | 1.2-4 | 16.15 | 97.95 | 114.10 | NOTE | |
r-release-macos-arm64 | 1.2-4 | 48.00 | OK | |||
r-release-macos-x86_64 | 1.2-4 | 92.00 | OK | |||
r-release-windows-x86_64 | 1.2-4 | 17.00 | 118.00 | 135.00 | NOTE | |
r-oldrel-macos-arm64 | 1.2-4 | 45.00 | OK | |||
r-oldrel-macos-x86_64 | 1.2-4 | 74.00 | OK | |||
r-oldrel-windows-x86_64 | 1.2-4 | 22.00 | 144.00 | 166.00 | OK |
Version: 1.2-4
Check: Rd cross-references
Result: NOTE
Found the following Rd file(s) with Rd \link{} targets missing package
anchors:
corrPlot.Rd: levelplot
fac.design.Rd: factorize
Please provide package anchors for all Rd \link{} targets not in the
package itself and the base packages.
Flavors: r-devel-linux-x86_64-debian-clang, r-devel-linux-x86_64-debian-gcc, r-devel-windows-x86_64, r-patched-linux-x86_64, r-release-linux-x86_64, r-release-windows-x86_64