Last updated on 2025-05-08 09:53:56 CEST.
Flavor | Version | Tinstall | Tcheck | Ttotal | Status | Flags |
---|---|---|---|---|---|---|
r-devel-linux-x86_64-debian-clang | 1.10 | 5.42 | 50.64 | 56.06 | NOTE | |
r-devel-linux-x86_64-debian-gcc | 1.10 | 4.19 | 33.72 | 37.91 | NOTE | |
r-devel-linux-x86_64-fedora-clang | 1.10 | 87.78 | OK | |||
r-devel-linux-x86_64-fedora-gcc | 1.10 | 84.31 | OK | |||
r-devel-windows-x86_64 | 1.10 | 9.00 | 72.00 | 81.00 | OK | |
r-patched-linux-x86_64 | 1.10 | 5.87 | 47.92 | 53.79 | OK | |
r-release-linux-x86_64 | 1.10 | 5.19 | 46.73 | 51.92 | OK | |
r-release-macos-arm64 | 1.10 | 29.00 | OK | |||
r-release-macos-x86_64 | 1.10 | 52.00 | OK | |||
r-release-windows-x86_64 | 1.10 | 8.00 | 0.00 | 8.00 | FAIL | |
r-oldrel-macos-arm64 | 1.10 | 31.00 | OK | |||
r-oldrel-macos-x86_64 | 1.10 | 40.00 | OK | |||
r-oldrel-windows-x86_64 | 1.10 | 11.00 | 81.00 | 92.00 | OK |
Version: 1.10
Check: CRAN incoming feasibility
Result: NOTE
Maintainer: ‘Celine Helbert <Celine.Helbert@ec-lyon.fr>’
No Authors@R field in DESCRIPTION.
Please add one, modifying
Authors@R: c(person(given = "Jessica",
family = "Franco",
role = "aut"),
person(given = "Delphine",
family = "Dupuy",
role = "aut"),
person(given = "Olivier",
family = "Roustant",
role = "aut"),
person(given = "Patrice",
family = "Kiener",
role = "aut"),
person(given = "Guillaume",
family = "Damblin",
role = "aut"),
person(given = "Bertrand",
family = "Iooss.",
role = "aut"),
person(given = "Celine",
family = "Helbert",
role = "cre",
email = "Celine.Helbert@ec-lyon.fr"))
as necessary.
Flavors: r-devel-linux-x86_64-debian-clang, r-devel-linux-x86_64-debian-gcc
Version: 1.10
Check: PDF version of manual
Result: FAIL
Check process probably crashed or hung up for 20 minutes ... killed
Most likely this happened in the example checks (?),
if not, ignore the following last lines of example output:
Z1 Z2 Z3 Z4 Z5 Z6 Z7 Z8 Z9 Z10 Z11 Z12 Z13 Z14 Z15 Z16 Z17 Z18 Z19 Z20 Z21
1 1 2 3 4 5 6 7 8 9 10 11 12 13 14 15 16 17 18 19 20 21
2 2 -1 -4 3 6 -5 -8 7 10 -9 -12 11 14 -13 -16 15 18 -17 -20 19 22
3 3 4 -1 -2 -7 -8 5 6 11 12 -9 -10 -15 -16 13 14 19 20 -17 -18 -23
Z22 Z23 Z24 Z25 Z26 Z27 Z28 Z29 Z30 Z31 Z32 Z33 Z34 Z35 Z36 Z37 Z38 Z39 Z40
1 22 23 24 25 26 27 28 29 30 31 32 33 34 35 36 37 38 39 40
2 -21 -24 23 26 -25 -28 27 30 -29 -32 31 34 -33 -36 35 38 -37 -40 39
3 -24 21 22 27 28 -25 -26 -31 -32 29 30 35 36 -33 -34 -39 -40 37 38
Z41 Z42 Z43 Z44 Z45 Z46 Z47 Z48 Z49 Z50 Z51
1 41 42 43 44 45 46 47 48 49 50 51
2 42 -41 -44 43 46 -45 -48 47 50 -49 -52
3 43 44 -41 -42 -47 -48 45 46 51 52 -49
>
>
>
> ### * <FOOTER>
> ###
> cleanEx()
> options(digits = 7L)
> base::cat("Time elapsed: ", proc.time() - base::get("ptime", pos = 'CheckExEnv'),"\n")
Time elapsed: 10.83 0.74 11.6 NA NA
> grDevices::dev.off()
null device
1
> ###
> ### Local variables: ***
> ### mode: outline-minor ***
> ### outline-regexp: "\\(> \\)?### [*]+" ***
> ### End: ***
> quit('no')
======== End of example output (where/before crash/hang up occured ?) ========
Flavor: r-release-windows-x86_64