CRAN Package Check Results for Package DesignCTPB

Last updated on 2025-02-16 09:50:37 CET.

Flavor Version Tinstall Tcheck Ttotal Status Flags
r-devel-linux-x86_64-debian-clang 1.1.3 2.38 25.95 28.33 NOTE
r-devel-linux-x86_64-debian-gcc 1.1.3 1.76 20.90 22.66 NOTE
r-devel-linux-x86_64-fedora-clang 1.1.3 47.80 NOTE
r-devel-linux-x86_64-fedora-gcc 1.1.3 56.92 NOTE
r-devel-macos-arm64 1.1.3 26.00 NOTE
r-devel-macos-x86_64 1.1.3 49.00 NOTE
r-devel-windows-x86_64 1.1.3 5.00 49.00 54.00 NOTE
r-patched-linux-x86_64 1.1.3 2.02 24.85 26.87 NOTE
r-release-linux-x86_64 1.1.3 2.24 24.86 27.10 NOTE
r-release-macos-arm64 1.1.3 25.00 NOTE
r-release-macos-x86_64 1.1.3 37.00 NOTE
r-release-windows-x86_64 1.1.3 6.00 49.00 55.00 NOTE
r-oldrel-macos-arm64 1.1.3 24.00 OK
r-oldrel-macos-x86_64 1.1.3 36.00 OK
r-oldrel-windows-x86_64 1.1.3 5.00 73.00 78.00 OK

Check Details

Version: 1.1.3
Check: Rd files
Result: NOTE checkRd: (-1) alpha.split.Rd:21: Lost braces; missing escapes or markup? 21 | \item{r}{vector for the proportion for each sub-population, r_1 is 1, r_i>r_{i+1}} | ^ checkRd: (-1) designCTPB.Rd:25: Lost braces; missing escapes or markup? 25 | \item{r_set}{the matrix of proportion for each sub-population, r_1 is 1, r_i>r_{i+1}} | ^ checkRd: (-1) phat.Rd:21: Lost braces; missing escapes or markup? 21 | \item{r}{vector for the proportion for each sub-population, r_1is 1, r_i>r_{i+1}} | ^ Flavors: r-devel-linux-x86_64-debian-clang, r-devel-linux-x86_64-debian-gcc, r-devel-linux-x86_64-fedora-clang, r-devel-linux-x86_64-fedora-gcc, r-devel-macos-arm64, r-devel-macos-x86_64, r-devel-windows-x86_64, r-patched-linux-x86_64, r-release-linux-x86_64, r-release-macos-arm64, r-release-macos-x86_64, r-release-windows-x86_64

Version: 1.1.3
Check: dependencies in R code
Result: NOTE Namespace in Imports field not imported from: ‘dplyr’ All declared Imports should be used. Flavors: r-devel-linux-x86_64-fedora-clang, r-devel-linux-x86_64-fedora-gcc