Last updated on 2025-04-15 09:52:19 CEST.
Flavor | Version | Tinstall | Tcheck | Ttotal | Status | Flags |
---|---|---|---|---|---|---|
r-devel-linux-x86_64-debian-clang | 1.2.14 | 55.91 | 22.03 | 77.94 | NOTE | |
r-devel-linux-x86_64-debian-gcc | 1.2.14 | 47.20 | 17.71 | 64.91 | NOTE | |
r-devel-linux-x86_64-fedora-clang | 1.2.14 | 173.99 | NOTE | |||
r-devel-linux-x86_64-fedora-gcc | 1.2.14 | 165.31 | NOTE | |||
r-devel-windows-x86_64 | 1.2.14 | 72.00 | 64.00 | 136.00 | NOTE | |
r-patched-linux-x86_64 | 1.2.14 | 65.82 | 21.69 | 87.51 | NOTE | |
r-release-linux-x86_64 | 1.2.14 | 66.22 | 21.26 | 87.48 | NOTE | |
r-release-macos-arm64 | 1.2.14 | 39.00 | NOTE | |||
r-release-macos-x86_64 | 1.2.14 | 73.00 | NOTE | |||
r-release-windows-x86_64 | 1.2.14 | 76.00 | 72.00 | 148.00 | NOTE | |
r-oldrel-macos-arm64 | 1.2.14 | 38.00 | NOTE | |||
r-oldrel-macos-x86_64 | 1.2.14 | 62.00 | NOTE | |||
r-oldrel-windows-x86_64 | 1.2.14 | 65.00 | 79.00 | 144.00 | OK |
Version: 1.2.14
Check: compiled code
Result: NOTE
File ‘DataGraph/libs/DataGraph.so’:
Found non-API call to R: ‘Rf_isFrame’
Compiled code should not call non-API entry points in R.
See ‘Writing portable packages’ in the ‘Writing R Extensions’ manual,
and section ‘Moving into C API compliance’ for issues with the use of
non-API entry points.
Flavors: r-devel-linux-x86_64-debian-clang, r-devel-linux-x86_64-debian-gcc, r-devel-linux-x86_64-fedora-clang, r-devel-linux-x86_64-fedora-gcc, r-patched-linux-x86_64, r-release-linux-x86_64, r-release-macos-arm64, r-release-macos-x86_64
Version: 1.2.14
Check: compiled code
Result: NOTE
File 'DataGraph/libs/x64/DataGraph.dll':
Found non-API call to R: 'Rf_isFrame'
Compiled code should not call non-API entry points in R.
See 'Writing portable packages' in the 'Writing R Extensions' manual,
and section 'Moving into C API compliance' for issues with the use of
non-API entry points.
Flavors: r-devel-windows-x86_64, r-release-windows-x86_64
Version: 1.2.14
Check: installed package size
Result: NOTE
installed size is 7.3Mb
sub-directories of 1Mb or more:
libs 7.2Mb
Flavors: r-oldrel-macos-arm64, r-oldrel-macos-x86_64