Last updated on 2025-02-24 09:50:46 CET.
Flavor | Version | Tinstall | Tcheck | Ttotal | Status | Flags |
---|---|---|---|---|---|---|
r-devel-linux-x86_64-debian-clang | 1.8.2 | 67.30 | 115.38 | 182.68 | OK | |
r-devel-linux-x86_64-debian-gcc | 1.8.2 | 47.70 | 80.47 | 128.17 | OK | |
r-devel-linux-x86_64-fedora-clang | 1.8.2 | 302.62 | OK | |||
r-devel-linux-x86_64-fedora-gcc | 1.8.2 | 291.66 | OK | |||
r-devel-macos-arm64 | 1.8.2 | 77.00 | OK | |||
r-devel-macos-x86_64 | 1.8.2 | 134.00 | OK | |||
r-devel-windows-x86_64 | 1.8.2 | 60.00 | 136.00 | 196.00 | OK | |
r-patched-linux-x86_64 | 1.8.2 | 69.58 | 107.29 | 176.87 | OK | |
r-release-linux-x86_64 | 1.8.2 | 62.54 | 108.66 | 171.20 | OK | |
r-release-macos-arm64 | 1.8.2 | 77.00 | NOTE | |||
r-release-macos-x86_64 | 1.8.2 | 105.00 | NOTE | |||
r-release-windows-x86_64 | 1.8.2 | 63.00 | 131.00 | 194.00 | OK | |
r-oldrel-macos-arm64 | 1.8.2 | 73.00 | NOTE | |||
r-oldrel-macos-x86_64 | 1.8.2 | 170.00 | NOTE | |||
r-oldrel-windows-x86_64 | 1.8.2 | 85.00 | 172.00 | 257.00 | OK |
Version: 1.8.2
Check: installed package size
Result: NOTE
installed size is 8.2Mb
sub-directories of 1Mb or more:
data 2.8Mb
libs 5.1Mb
Flavors: r-release-macos-arm64, r-release-macos-x86_64, r-oldrel-macos-arm64, r-oldrel-macos-x86_64