CRAN Package Check Results for Package DAAG

Last updated on 2025-02-16 09:50:36 CET.

Flavor Version Tinstall Tcheck Ttotal Status Flags
r-devel-linux-x86_64-debian-clang 1.25.6 8.66 92.21 100.87 NOTE
r-devel-linux-x86_64-debian-gcc 1.25.6 6.26 66.18 72.44 NOTE
r-devel-linux-x86_64-fedora-clang 1.25.6 167.10 OK
r-devel-linux-x86_64-fedora-gcc 1.25.6 168.73 OK
r-devel-macos-arm64 1.25.6 52.00 OK
r-devel-macos-x86_64 1.25.6 129.00 OK
r-devel-windows-x86_64 1.25.6 10.00 151.00 161.00 NOTE
r-patched-linux-x86_64 1.25.6 15.94 87.04 102.98 OK
r-release-linux-x86_64 1.25.6 8.45 87.80 96.25 OK
r-release-macos-arm64 1.25.6 64.00 OK
r-release-macos-x86_64 1.25.6 87.00 OK
r-release-windows-x86_64 1.25.6 13.00 149.00 162.00 OK
r-oldrel-macos-arm64 1.25.6 61.00 OK
r-oldrel-macos-x86_64 1.25.6 144.00 OK
r-oldrel-windows-x86_64 1.25.6 15.00 199.00 214.00 OK

Check Details

Version: 1.25.6
Check: Rd cross-references
Result: NOTE Found the following Rd file(s) with Rd \link{} targets missing package anchors: DAAGtheme.Rd: theEconomist.theme, standard.theme, simpleTheme, custom.theme Please provide package anchors for all Rd \link{} targets not in the package itself and the base packages. Flavors: r-devel-linux-x86_64-debian-clang, r-devel-linux-x86_64-debian-gcc, r-devel-windows-x86_64