Last updated on 2025-02-18 09:50:35 CET.
Flavor | Version | Tinstall | Tcheck | Ttotal | Status | Flags |
---|---|---|---|---|---|---|
r-devel-linux-x86_64-debian-clang | 3.5.8 | 103.66 | 141.54 | 245.20 | OK | |
r-devel-linux-x86_64-debian-gcc | 3.5.8 | 76.29 | 103.49 | 179.78 | OK | |
r-devel-linux-x86_64-fedora-clang | 3.5.8 | 436.72 | OK | |||
r-devel-linux-x86_64-fedora-gcc | 3.5.8 | 430.84 | OK | |||
r-devel-macos-arm64 | 3.5.8 | 119.00 | OK | |||
r-devel-macos-x86_64 | 3.5.8 | 187.00 | OK | |||
r-devel-windows-x86_64 | 3.5.8 | 107.00 | 215.00 | 322.00 | OK | |
r-patched-linux-x86_64 | 3.5.8 | 101.38 | 134.25 | 235.63 | OK | |
r-release-linux-x86_64 | 3.5.8 | 100.19 | 130.86 | 231.05 | OK | |
r-release-macos-arm64 | 3.5.8 | 112.00 | NOTE | |||
r-release-macos-x86_64 | 3.5.8 | 141.00 | NOTE | |||
r-release-windows-x86_64 | 3.5.8 | 107.00 | 216.00 | 323.00 | OK | |
r-oldrel-macos-arm64 | 3.5.8 | 116.00 | NOTE | |||
r-oldrel-macos-x86_64 | 3.5.8 | 193.00 | NOTE | |||
r-oldrel-windows-x86_64 | 3.5.8 | 134.00 | 242.00 | 376.00 | OK |
Version: 3.5.8
Check: installed package size
Result: NOTE
installed size is 8.3Mb
sub-directories of 1Mb or more:
doc 1.9Mb
libs 5.3Mb
Flavors: r-release-macos-arm64, r-release-macos-x86_64, r-oldrel-macos-arm64, r-oldrel-macos-x86_64