Last updated on 2025-02-06 09:52:26 CET.
Flavor | Version | Tinstall | Tcheck | Ttotal | Status | Flags |
---|---|---|---|---|---|---|
r-devel-linux-x86_64-debian-clang | 2.1.0 | 8.18 | 205.80 | 213.98 | OK | |
r-devel-linux-x86_64-debian-gcc | 2.1.0 | 5.98 | 133.63 | 139.61 | OK | |
r-devel-linux-x86_64-fedora-clang | 2.1.0 | 314.31 | OK | |||
r-devel-linux-x86_64-fedora-gcc | 2.1.0 | 296.64 | OK | |||
r-devel-windows-x86_64 | 2.1.0 | 10.00 | 200.00 | 210.00 | OK | |
r-patched-linux-x86_64 | 2.1.0 | 8.27 | 175.59 | 183.86 | OK | |
r-release-linux-x86_64 | 2.1.0 | 7.46 | 178.21 | 185.67 | OK | |
r-release-macos-arm64 | 2.1.0 | 106.00 | OK | |||
r-release-macos-x86_64 | 2.1.0 | 191.00 | NOTE | |||
r-release-windows-x86_64 | 2.1.0 | 9.00 | 199.00 | 208.00 | OK | |
r-oldrel-macos-arm64 | 2.1.0 | 105.00 | OK | |||
r-oldrel-macos-x86_64 | 2.1.0 | 232.00 | NOTE | |||
r-oldrel-windows-x86_64 | 2.1.0 | 12.00 | 262.00 | 274.00 | OK |
Version: 2.1.0
Check: installed package size
Result: NOTE
installed size is 5.5Mb
sub-directories of 1Mb or more:
data 4.7Mb
Flavors: r-release-macos-x86_64, r-oldrel-macos-x86_64