CRAN Package Check Results for Package CombinS

Last updated on 2025-02-11 09:48:22 CET.

Flavor Version Tinstall Tcheck Ttotal Status Flags
r-devel-linux-x86_64-debian-clang 1.1-1 2.20 20.73 22.93 OK
r-devel-linux-x86_64-debian-gcc 1.1-1 1.80 16.56 18.36 OK
r-devel-linux-x86_64-fedora-clang 1.1-1 37.61 OK
r-devel-linux-x86_64-fedora-gcc 1.1-1 34.80 OK
r-devel-windows-x86_64 1.1-1 4.00 48.00 52.00 OK
r-patched-linux-x86_64 1.1-1 2.29 19.64 21.93 NOTE
r-release-linux-x86_64 1.1-1 1.93 19.68 21.61 NOTE
r-release-macos-arm64 1.1-1 20.00 NOTE
r-release-macos-x86_64 1.1-1 32.00 NOTE
r-release-windows-x86_64 1.1-1 3.00 47.00 50.00 NOTE
r-oldrel-macos-arm64 1.1-1 16.00 NOTE
r-oldrel-macos-x86_64 1.1-1 23.00 NOTE
r-oldrel-windows-x86_64 1.1-1 4.00 46.00 50.00 NOTE

Check Details

Version: 1.1-1
Check: LazyData
Result: NOTE 'LazyData' is specified without a 'data' directory Flavors: r-patched-linux-x86_64, r-release-linux-x86_64, r-release-macos-arm64, r-release-macos-x86_64, r-release-windows-x86_64, r-oldrel-macos-arm64, r-oldrel-macos-x86_64, r-oldrel-windows-x86_64