Last updated on 2025-02-06 09:52:26 CET.
Flavor | Version | Tinstall | Tcheck | Ttotal | Status | Flags |
---|---|---|---|---|---|---|
r-devel-linux-x86_64-debian-clang | 0.2.0 | 4.95 | 647.10 | 652.05 | NOTE | |
r-devel-linux-x86_64-debian-gcc | 0.2.0 | 3.24 | 468.16 | 471.40 | NOTE | |
r-devel-linux-x86_64-fedora-clang | 0.2.0 | 1024.80 | NOTE | |||
r-devel-linux-x86_64-fedora-gcc | 0.2.0 | 960.15 | NOTE | |||
r-devel-windows-x86_64 | 0.2.0 | 8.00 | 503.00 | 511.00 | NOTE | |
r-patched-linux-x86_64 | 0.2.0 | 5.50 | 608.55 | 614.05 | OK | |
r-release-linux-x86_64 | 0.2.0 | 4.09 | 609.82 | 613.91 | OK | |
r-release-macos-arm64 | 0.2.0 | 198.00 | OK | |||
r-release-macos-x86_64 | 0.2.0 | 336.00 | OK | |||
r-release-windows-x86_64 | 0.2.0 | 8.00 | 512.00 | 520.00 | OK | |
r-oldrel-macos-arm64 | 0.2.0 | 253.00 | OK | |||
r-oldrel-macos-x86_64 | 0.2.0 | 379.00 | OK | |||
r-oldrel-windows-x86_64 | 0.2.0 | 8.00 | 731.00 | 739.00 | OK |
Version: 0.2.0
Check: DESCRIPTION meta-information
Result: NOTE
Missing dependency on R >= 4.1.0 because package code uses the pipe
|> or function shorthand \(...) syntax added in R 4.1.0.
File(s) using such syntax:
‘crudeSequenceRatio.R’ ‘generateSequenceCohortSet.R’
‘getConfidenceInterval.R’ ‘getSummarisedResult.R’ ‘helpers.R’
‘mockCohortSymmetry.R’ ‘plotSequenceRatios.R’
‘plotTemporalSymmetry.R’ ‘summariseSequenceRatios.R’
‘summariseTemporalSymmetry.R’ ‘tableSequenceRatios.R’
‘tableTemporalSymmetry.R’
Flavors: r-devel-linux-x86_64-debian-clang, r-devel-linux-x86_64-debian-gcc, r-devel-linux-x86_64-fedora-clang, r-devel-linux-x86_64-fedora-gcc, r-devel-windows-x86_64