CRAN Package Check Results for Package ClustOfVar

Last updated on 2025-04-16 09:52:55 CEST.

Flavor Version Tinstall Tcheck Ttotal Status Flags
r-devel-linux-x86_64-debian-clang 1.1 3.05 38.79 41.84 NOTE
r-devel-linux-x86_64-debian-gcc 1.1 2.36 28.18 30.54 NOTE
r-devel-linux-x86_64-fedora-clang 1.1 65.79 OK
r-devel-linux-x86_64-fedora-gcc 1.1 64.21 OK
r-devel-windows-x86_64 1.1 4.00 60.00 64.00 NOTE
r-patched-linux-x86_64 1.1 3.16 38.10 41.26 NOTE
r-release-linux-x86_64 1.1 2.56 38.23 40.79 NOTE
r-release-macos-arm64 1.1 24.00 OK
r-release-macos-x86_64 1.1 39.00 OK
r-release-windows-x86_64 1.1 5.00 61.00 66.00 NOTE
r-oldrel-macos-arm64 1.1 21.00 OK
r-oldrel-macos-x86_64 1.1 33.00 OK
r-oldrel-windows-x86_64 1.1 4.00 65.00 69.00 OK

Check Details

Version: 1.1
Check: Rd cross-references
Result: NOTE Found the following Rd file(s) with Rd \link{} targets missing package anchors: kmeansvar.Rd: splitmix Please provide package anchors for all Rd \link{} targets not in the package itself and the base packages. Flavors: r-devel-linux-x86_64-debian-clang, r-devel-linux-x86_64-debian-gcc, r-devel-windows-x86_64, r-patched-linux-x86_64, r-release-linux-x86_64, r-release-windows-x86_64