Last updated on 2025-02-16 09:50:35 CET.
Flavor | Version | Tinstall | Tcheck | Ttotal | Status | Flags |
---|---|---|---|---|---|---|
r-devel-linux-x86_64-debian-clang | 1.3.0 | 10.00 | 89.27 | 99.27 | OK | |
r-devel-linux-x86_64-debian-gcc | 1.3.0 | 7.25 | 64.38 | 71.63 | OK | |
r-devel-linux-x86_64-fedora-clang | 1.3.0 | 164.98 | OK | |||
r-devel-linux-x86_64-fedora-gcc | 1.3.0 | 155.98 | OK | |||
r-devel-macos-arm64 | 1.3.0 | 48.00 | OK | |||
r-devel-macos-x86_64 | 1.3.0 | 135.00 | OK | |||
r-devel-windows-x86_64 | 1.3.0 | 9.00 | 100.00 | 109.00 | OK | |
r-patched-linux-x86_64 | 1.3.0 | 8.47 | 83.36 | 91.83 | NOTE | |
r-release-linux-x86_64 | 1.3.0 | 8.50 | 83.80 | 92.30 | NOTE | |
r-release-macos-arm64 | 1.3.0 | 47.00 | NOTE | |||
r-release-macos-x86_64 | 1.3.0 | 73.00 | NOTE | |||
r-release-windows-x86_64 | 1.3.0 | 11.00 | 101.00 | 112.00 | NOTE | |
r-oldrel-macos-arm64 | 1.3.0 | 46.00 | NOTE | |||
r-oldrel-macos-x86_64 | 1.3.0 | 75.00 | NOTE | |||
r-oldrel-windows-x86_64 | 1.3.0 | 12.00 | 125.00 | 137.00 | NOTE |
Version: 1.3.0
Check: package dependencies
Result: NOTE
Package suggested but not available for checking: ‘ReGenesees’
Flavors: r-patched-linux-x86_64, r-release-linux-x86_64, r-release-macos-arm64, r-release-macos-x86_64, r-release-windows-x86_64, r-oldrel-macos-arm64, r-oldrel-macos-x86_64, r-oldrel-windows-x86_64