CRAN Package Check Results for Package CRWRM

Last updated on 2025-02-16 09:50:36 CET.

Flavor Version Tinstall Tcheck Ttotal Status Flags
r-devel-linux-x86_64-debian-clang 0.0.1 1.55 15.98 17.53 OK
r-devel-linux-x86_64-debian-gcc 0.0.1 1.38 12.99 14.37 OK
r-devel-linux-x86_64-fedora-clang 0.0.1 30.78 OK
r-devel-linux-x86_64-fedora-gcc 0.0.1 27.45 OK
r-devel-macos-arm64 0.0.1 18.00 OK
r-devel-macos-x86_64 0.0.1 21.00 OK
r-devel-windows-x86_64 0.0.1 3.00 41.00 44.00 OK
r-patched-linux-x86_64 0.0.1 1.69 15.38 17.07 NOTE
r-release-linux-x86_64 0.0.1 1.53 15.52 17.05 NOTE
r-release-macos-arm64 0.0.1 14.00 NOTE
r-release-macos-x86_64 0.0.1 20.00 NOTE
r-release-windows-x86_64 0.0.1 3.00 42.00 45.00 NOTE
r-oldrel-macos-arm64 0.0.1 17.00 NOTE
r-oldrel-macos-x86_64 0.0.1 20.00 NOTE
r-oldrel-windows-x86_64 0.0.1 6.00 34.00 40.00 NOTE

Check Details

Version: 0.0.1
Check: LazyData
Result: NOTE 'LazyData' is specified without a 'data' directory Flavors: r-patched-linux-x86_64, r-release-linux-x86_64, r-release-macos-arm64, r-release-macos-x86_64, r-release-windows-x86_64, r-oldrel-macos-arm64, r-oldrel-macos-x86_64, r-oldrel-windows-x86_64