Last updated on 2025-07-13 09:49:38 CEST.
Flavor | Version | Tinstall | Tcheck | Ttotal | Status | Flags |
---|---|---|---|---|---|---|
r-devel-linux-x86_64-debian-clang | 2.1.4 | 24.21 | 152.93 | 177.14 | NOTE | |
r-devel-linux-x86_64-debian-gcc | 2.1.4 | 13.11 | 100.34 | 113.45 | NOTE | |
r-devel-linux-x86_64-fedora-clang | 2.1.4 | 281.83 | OK | |||
r-devel-linux-x86_64-fedora-gcc | 2.1.4 | 280.73 | OK | |||
r-devel-windows-x86_64 | 2.1.4 | 24.00 | 186.00 | 210.00 | OK | |
r-patched-linux-x86_64 | 2.1.4 | 26.83 | 140.67 | 167.50 | OK | |
r-release-linux-x86_64 | 2.1.4 | 20.82 | 141.57 | 162.39 | OK | |
r-release-macos-arm64 | 2.1.4 | 87.00 | OK | |||
r-release-macos-x86_64 | 2.1.4 | 148.00 | OK | |||
r-release-windows-x86_64 | 2.1.4 | 26.00 | 190.00 | 216.00 | OK | |
r-oldrel-macos-arm64 | 2.1.4 | 68.00 | OK | |||
r-oldrel-macos-x86_64 | 2.1.4 | 110.00 | OK | |||
r-oldrel-windows-x86_64 | 2.1.4 | 34.00 | 231.00 | 265.00 | OK |
Version: 2.1.4
Check: CRAN incoming feasibility
Result: NOTE
Maintainer: ‘Mohsin Vindhani <mohsin@utiligize.com>’
Package CITATION file contains call(s) to old-style personList() or
as.personList(). Please use c() on person objects instead.
Package CITATION file contains call(s) to old-style citEntry(). Please
use bibentry() instead.
Flavors: r-devel-linux-x86_64-debian-clang, r-devel-linux-x86_64-debian-gcc