Last updated on 2025-04-15 09:52:17 CEST.
Flavor | Version | Tinstall | Tcheck | Ttotal | Status | Flags |
---|---|---|---|---|---|---|
r-devel-linux-x86_64-debian-clang | 0.1.0 | 4.72 | 57.49 | 62.21 | OK | |
r-devel-linux-x86_64-debian-gcc | 0.1.0 | 3.16 | 39.23 | 42.39 | OK | |
r-devel-linux-x86_64-fedora-clang | 0.1.0 | 96.06 | NOTE | |||
r-devel-linux-x86_64-fedora-gcc | 0.1.0 | 93.71 | NOTE | |||
r-devel-windows-x86_64 | 0.1.0 | 6.00 | 69.00 | 75.00 | OK | |
r-patched-linux-x86_64 | 0.1.0 | 3.89 | 54.92 | 58.81 | OK | |
r-release-linux-x86_64 | 0.1.0 | 4.51 | 54.70 | 59.21 | OK | |
r-release-macos-arm64 | 0.1.0 | 34.00 | OK | |||
r-release-macos-x86_64 | 0.1.0 | 68.00 | OK | |||
r-release-windows-x86_64 | 0.1.0 | 6.00 | 68.00 | 74.00 | OK | |
r-oldrel-macos-arm64 | 0.1.0 | 26.00 | OK | |||
r-oldrel-macos-x86_64 | 0.1.0 | 58.00 | OK | |||
r-oldrel-windows-x86_64 | 0.1.0 | 7.00 | 84.00 | 91.00 | OK |
Version: 0.1.0
Check: dependencies in R code
Result: NOTE
Namespace in Imports field not imported from: ‘RColorBrewer’
All declared Imports should be used.
Flavors: r-devel-linux-x86_64-fedora-clang, r-devel-linux-x86_64-fedora-gcc