Last updated on 2025-02-16 09:50:35 CET.
Flavor | Version | Tinstall | Tcheck | Ttotal | Status | Flags |
---|---|---|---|---|---|---|
r-devel-linux-x86_64-debian-clang | 1.0.5 | 8.06 | 62.09 | 70.15 | NOTE | |
r-devel-linux-x86_64-debian-gcc | 1.0.5 | 5.88 | 46.11 | 51.99 | NOTE | |
r-devel-linux-x86_64-fedora-clang | 1.0.5 | 114.61 | OK | |||
r-devel-linux-x86_64-fedora-gcc | 1.0.5 | 107.42 | OK | |||
r-devel-macos-arm64 | 1.0.5 | 42.00 | OK | |||
r-devel-macos-x86_64 | 1.0.5 | 70.00 | OK | |||
r-devel-windows-x86_64 | 1.0.5 | 9.00 | 74.00 | 83.00 | NOTE | |
r-patched-linux-x86_64 | 1.0.5 | 11.55 | 58.14 | 69.69 | OK | |
r-release-linux-x86_64 | 1.0.5 | 7.33 | 58.30 | 65.63 | OK | |
r-release-macos-arm64 | 1.0.5 | 40.00 | OK | |||
r-release-macos-x86_64 | 1.0.5 | 63.00 | OK | |||
r-release-windows-x86_64 | 1.0.5 | 9.00 | 73.00 | 82.00 | OK | |
r-oldrel-macos-arm64 | 1.0.5 | 41.00 | OK | |||
r-oldrel-macos-x86_64 | 1.0.5 | 66.00 | OK | |||
r-oldrel-windows-x86_64 | 1.0.5 | 11.00 | 101.00 | 112.00 | OK |
Version: 1.0.5
Check: Rd cross-references
Result: NOTE
Found the following Rd file(s) with Rd \link{} targets missing package
anchors:
graphoptBbd.Rd: igraph
Please provide package anchors for all Rd \link{} targets not in the
package itself and the base packages.
Flavors: r-devel-linux-x86_64-debian-clang, r-devel-linux-x86_64-debian-gcc, r-devel-windows-x86_64