Last updated on 2025-05-08 09:53:53 CEST.
Flavor | Version | Tinstall | Tcheck | Ttotal | Status | Flags |
---|---|---|---|---|---|---|
r-devel-linux-x86_64-debian-clang | 0.3.1 | 10.87 | 79.33 | 90.20 | NOTE | |
r-devel-linux-x86_64-debian-gcc | 0.3.1 | 7.97 | 56.04 | 64.01 | NOTE | |
r-devel-linux-x86_64-fedora-clang | 0.3.1 | 131.17 | OK | |||
r-devel-linux-x86_64-fedora-gcc | 0.3.1 | 140.90 | OK | |||
r-devel-windows-x86_64 | 0.3.1 | 13.00 | 85.00 | 98.00 | OK | |
r-patched-linux-x86_64 | 0.3.1 | 11.87 | 73.24 | 85.11 | OK | |
r-release-linux-x86_64 | 0.3.1 | 10.57 | 73.68 | 84.25 | OK | |
r-release-macos-arm64 | 0.3.1 | 40.00 | OK | |||
r-release-macos-x86_64 | 0.3.1 | 68.00 | OK | |||
r-release-windows-x86_64 | 0.3.1 | 12.00 | 89.00 | 101.00 | OK | |
r-oldrel-macos-arm64 | 0.3.1 | 35.00 | OK | |||
r-oldrel-macos-x86_64 | 0.3.1 | 51.00 | OK | |||
r-oldrel-windows-x86_64 | 0.3.1 | 17.00 | 104.00 | 121.00 | OK |
Version: 0.3.1
Check: CRAN incoming feasibility
Result: NOTE
Maintainer: ‘De Troyer Ewoud <ewoud.detroyer@uhasselt.be>’
No Authors@R field in DESCRIPTION.
Please add one, modifying
Authors@R: person(given = c("De", "Troyer"),
family = "Ewoud",
role = c("aut", "cre"),
email = "ewoud.detroyer@uhasselt.be")
as necessary.
Flavors: r-devel-linux-x86_64-debian-clang, r-devel-linux-x86_64-debian-gcc