Last updated on 2025-04-15 09:52:14 CEST.
Flavor | Version | Tinstall | Tcheck | Ttotal | Status | Flags |
---|---|---|---|---|---|---|
r-devel-linux-x86_64-debian-clang | 1.5 | 33.37 | 24.07 | 57.44 | NOTE | |
r-devel-linux-x86_64-debian-gcc | 1.5 | 19.93 | 19.89 | 39.82 | NOTE | |
r-devel-linux-x86_64-fedora-clang | 1.5 | 96.51 | NOTE | |||
r-devel-linux-x86_64-fedora-gcc | 1.5 | 94.45 | NOTE | |||
r-devel-windows-x86_64 | 1.5 | 32.00 | 67.00 | 99.00 | NOTE | |
r-patched-linux-x86_64 | 1.5 | 31.15 | 23.95 | 55.10 | NOTE | |
r-release-linux-x86_64 | 1.5 | 26.75 | 23.91 | 50.66 | NOTE | |
r-release-macos-arm64 | 1.5 | 33.00 | NOTE | |||
r-release-macos-x86_64 | 1.5 | 49.00 | NOTE | |||
r-release-windows-x86_64 | 1.5 | 32.00 | 70.00 | 102.00 | NOTE | |
r-oldrel-macos-arm64 | 1.5 | 34.00 | NOTE | |||
r-oldrel-macos-x86_64 | 1.5 | 44.00 | NOTE | |||
r-oldrel-windows-x86_64 | 1.5 | 38.00 | 82.00 | 120.00 | NOTE |
Version: 1.5
Check: C++ specification
Result: NOTE
Specified C++11: please drop specification unless essential
Flavors: r-devel-linux-x86_64-debian-clang, r-devel-linux-x86_64-debian-gcc, r-devel-linux-x86_64-fedora-clang, r-devel-linux-x86_64-fedora-gcc, r-devel-windows-x86_64, r-patched-linux-x86_64, r-release-linux-x86_64, r-release-macos-arm64, r-release-macos-x86_64, r-release-windows-x86_64, r-oldrel-macos-arm64, r-oldrel-macos-x86_64, r-oldrel-windows-x86_64