Last updated on 2025-04-15 09:52:14 CEST.
Flavor | Version | Tinstall | Tcheck | Ttotal | Status | Flags |
---|---|---|---|---|---|---|
r-devel-linux-x86_64-debian-clang | 1.1.0 | 6.77 | 35.73 | 42.50 | OK | |
r-devel-linux-x86_64-debian-gcc | 1.1.0 | 4.52 | 26.64 | 31.16 | OK | |
r-devel-linux-x86_64-fedora-clang | 1.1.0 | 71.38 | OK | |||
r-devel-linux-x86_64-fedora-gcc | 1.1.0 | 72.70 | OK | |||
r-devel-windows-x86_64 | 1.1.0 | 10.00 | 66.00 | 76.00 | NOTE | |
r-patched-linux-x86_64 | 1.1.0 | 6.50 | 38.14 | 44.64 | OK | |
r-release-linux-x86_64 | 1.1.0 | 6.09 | 37.50 | 43.59 | OK | |
r-release-macos-arm64 | 1.1.0 | 29.00 | OK | |||
r-release-macos-x86_64 | 1.1.0 | 53.00 | OK | |||
r-release-windows-x86_64 | 1.1.0 | 11.00 | 68.00 | 79.00 | NOTE | |
r-oldrel-macos-arm64 | 1.1.0 | 30.00 | OK | |||
r-oldrel-macos-x86_64 | 1.1.0 | 38.00 | OK | |||
r-oldrel-windows-x86_64 | 1.1.0 | 10.00 | 77.00 | 87.00 | NOTE |
Version: 1.1.0
Check: C++ specification
Result: NOTE
Specified C++11: please drop specification unless essential
Flavors: r-devel-windows-x86_64, r-release-windows-x86_64, r-oldrel-windows-x86_64