Last updated on 2025-02-16 09:50:34 CET.
Flavor | Version | Tinstall | Tcheck | Ttotal | Status | Flags |
---|---|---|---|---|---|---|
r-devel-linux-x86_64-debian-clang | 1.8 | 2.12 | 16.87 | 18.99 | OK | |
r-devel-linux-x86_64-debian-gcc | 1.8 | 1.79 | 13.77 | 15.56 | OK | |
r-devel-linux-x86_64-fedora-clang | 1.8 | 32.14 | NOTE | |||
r-devel-linux-x86_64-fedora-gcc | 1.8 | 29.52 | NOTE | |||
r-devel-macos-arm64 | 1.8 | 15.00 | OK | |||
r-devel-macos-x86_64 | 1.8 | 24.00 | OK | |||
r-devel-windows-x86_64 | 1.8 | 5.00 | 38.00 | 43.00 | OK | |
r-patched-linux-x86_64 | 1.8 | 1.96 | 15.97 | 17.93 | OK | |
r-release-linux-x86_64 | 1.8 | 1.84 | 16.31 | 18.15 | OK | |
r-release-macos-arm64 | 1.8 | 21.00 | OK | |||
r-release-macos-x86_64 | 1.8 | 21.00 | OK | |||
r-release-windows-x86_64 | 1.8 | 6.00 | 37.00 | 43.00 | OK | |
r-oldrel-macos-arm64 | 1.8 | 16.00 | OK | |||
r-oldrel-macos-x86_64 | 1.8 | 21.00 | OK | |||
r-oldrel-windows-x86_64 | 1.8 | 7.00 | 36.00 | 43.00 | OK |
Version: 1.8
Check: compiled code
Result: NOTE
File ‘Barnard/libs/Barnard.so’:
Found no calls to: ‘R_registerRoutines’, ‘R_useDynamicSymbols’
It is good practice to register native routines and to disable symbol
search.
See ‘Writing portable packages’ in the ‘Writing R Extensions’ manual.
Flavors: r-devel-linux-x86_64-fedora-clang, r-devel-linux-x86_64-fedora-gcc