Last updated on 2025-02-16 09:50:35 CET.
Flavor | Version | Tinstall | Tcheck | Ttotal | Status | Flags |
---|---|---|---|---|---|---|
r-devel-linux-x86_64-debian-clang | 0.1.1 | 8.81 | 63.67 | 72.48 | NOTE | |
r-devel-linux-x86_64-debian-gcc | 0.1.1 | 6.34 | 40.18 | 46.52 | NOTE | |
r-devel-linux-x86_64-fedora-clang | 0.1.1 | 123.70 | NOTE | |||
r-devel-linux-x86_64-fedora-gcc | 0.1.1 | 107.02 | NOTE | |||
r-devel-macos-arm64 | 0.1.1 | 35.00 | NOTE | |||
r-devel-macos-x86_64 | 0.1.1 | 73.00 | NOTE | |||
r-devel-windows-x86_64 | 0.1.1 | 11.00 | 82.00 | 93.00 | NOTE | |
r-patched-linux-x86_64 | 0.1.1 | 13.65 | 59.49 | 73.14 | NOTE | |
r-release-linux-x86_64 | 0.1.1 | 7.97 | 58.48 | 66.45 | NOTE | |
r-release-macos-arm64 | 0.1.1 | 30.00 | NOTE | |||
r-release-macos-x86_64 | 0.1.1 | 63.00 | NOTE | |||
r-release-windows-x86_64 | 0.1.1 | 10.00 | 77.00 | 87.00 | NOTE | |
r-oldrel-macos-arm64 | 0.1.1 | 32.00 | OK | |||
r-oldrel-macos-x86_64 | 0.1.1 | 52.00 | OK | |||
r-oldrel-windows-x86_64 | 0.1.1 | 12.00 | 117.00 | 129.00 | OK |
Version: 0.1.1
Check: Rd files
Result: NOTE
checkRd: (-1) autoplot.tsregime.Rd:20: Lost braces
20 | Graph for the stochastic processes of the object \ dQuote {\ code {tsregime}} for: Output process and if they exist for: Threshold process and Covariates process. In the case that there are missing data, a red line is drawn at the indicated time.
| ^
checkRd: (-1) autoplot.tsregime.Rd:20: Lost braces; missing escapes or markup?
20 | Graph for the stochastic processes of the object \ dQuote {\ code {tsregime}} for: Output process and if they exist for: Threshold process and Covariates process. In the case that there are missing data, a red line is drawn at the indicated time.
| ^
Flavors: r-devel-linux-x86_64-debian-clang, r-devel-linux-x86_64-debian-gcc, r-devel-linux-x86_64-fedora-clang, r-devel-linux-x86_64-fedora-gcc, r-devel-macos-arm64, r-devel-macos-x86_64, r-devel-windows-x86_64, r-patched-linux-x86_64, r-release-linux-x86_64, r-release-macos-arm64, r-release-macos-x86_64, r-release-windows-x86_64
Version: 0.1.1
Check: Rd cross-references
Result: NOTE
Found the following Rd file(s) with Rd \link{} targets missing package
anchors:
autoplot.Rd: autolayer, ggplot, fortify
Please provide package anchors for all Rd \link{} targets not in the
package itself and the base packages.
Flavors: r-devel-linux-x86_64-debian-clang, r-devel-linux-x86_64-debian-gcc, r-devel-windows-x86_64