Last updated on 2025-02-16 09:50:34 CET.
Flavor | Version | Tinstall | Tcheck | Ttotal | Status | Flags |
---|---|---|---|---|---|---|
r-devel-linux-x86_64-debian-clang | 2.2.2 | 6.15 | 33.82 | 39.97 | OK | |
r-devel-linux-x86_64-debian-gcc | 2.2.2 | 4.77 | 25.49 | 30.26 | OK | |
r-devel-linux-x86_64-fedora-clang | 2.2.2 | 70.32 | OK | |||
r-devel-linux-x86_64-fedora-gcc | 2.2.2 | 75.12 | OK | |||
r-devel-macos-arm64 | 2.2.2 | 30.00 | OK | |||
r-devel-macos-x86_64 | 2.2.2 | 96.00 | OK | |||
r-devel-windows-x86_64 | 2.2.2 | 8.00 | 58.00 | 66.00 | OK | |
r-patched-linux-x86_64 | 2.2.2 | 6.50 | 31.91 | 38.41 | OK | |
r-release-linux-x86_64 | 2.2.2 | 5.20 | 31.98 | 37.18 | OK | |
r-release-macos-arm64 | 2.2.2 | 28.00 | OK | |||
r-release-macos-x86_64 | 2.2.2 | 60.00 | NOTE | |||
r-release-windows-x86_64 | 2.2.2 | 8.00 | 58.00 | 66.00 | OK | |
r-oldrel-macos-arm64 | 2.2.2 | 28.00 | OK | |||
r-oldrel-macos-x86_64 | 2.2.2 | 43.00 | NOTE | |||
r-oldrel-windows-x86_64 | 2.2.2 | 10.00 | 57.00 | 67.00 | OK |
Version: 2.2.2
Check: package dependencies
Result: NOTE
Package suggested but not available for checking: ‘AzureKeyVault’
Flavors: r-release-macos-x86_64, r-oldrel-macos-x86_64