Last updated on 2025-02-19 09:50:42 CET.
Flavor | Version | Tinstall | Tcheck | Ttotal | Status | Flags |
---|---|---|---|---|---|---|
r-devel-linux-x86_64-debian-clang | 1.0.5 | 10.37 | 27.87 | 38.24 | NOTE | |
r-devel-linux-x86_64-debian-gcc | 1.0.5 | 6.23 | 21.09 | 27.32 | NOTE | |
r-devel-linux-x86_64-fedora-clang | 1.0.5 | 62.17 | NOTE | |||
r-devel-linux-x86_64-fedora-gcc | 1.0.5 | 72.18 | NOTE | |||
r-devel-macos-arm64 | 1.0.5 | 29.00 | OK | |||
r-devel-macos-x86_64 | 1.0.5 | 55.00 | OK | |||
r-devel-windows-x86_64 | 1.0.5 | 10.00 | 53.00 | 63.00 | NOTE | |
r-patched-linux-x86_64 | 1.0.5 | 13.32 | 26.55 | 39.87 | OK | |
r-release-linux-x86_64 | 1.0.5 | 8.91 | 26.20 | 35.11 | OK | |
r-release-macos-arm64 | 1.0.5 | 26.00 | OK | |||
r-release-macos-x86_64 | 1.0.5 | 41.00 | OK | |||
r-release-windows-x86_64 | 1.0.5 | 11.00 | 52.00 | 63.00 | OK | |
r-oldrel-macos-arm64 | 1.0.5 | 28.00 | OK | |||
r-oldrel-macos-x86_64 | 1.0.5 | 42.00 | OK | |||
r-oldrel-windows-x86_64 | 1.0.5 | 14.00 | 60.00 | 74.00 | OK |
Version: 1.0.5
Check: Rd cross-references
Result: NOTE
Found the following Rd file(s) with Rd \link{} targets missing package
anchors:
az_key_vault.Rd: az_resource_group
Please provide package anchors for all Rd \link{} targets not in the
package itself and the base packages.
Flavors: r-devel-linux-x86_64-debian-clang, r-devel-linux-x86_64-debian-gcc, r-devel-windows-x86_64
Version: 1.0.5
Check: dependencies in R code
Result: NOTE
Namespaces in Imports field not imported from:
‘R6’ ‘jose’ ‘openssl’
All declared Imports should be used.
Flavors: r-devel-linux-x86_64-fedora-clang, r-devel-linux-x86_64-fedora-gcc