CRAN Package Check Results for Package AutoregressionMDE

Last updated on 2025-02-18 09:50:32 CET.

Flavor Version Tinstall Tcheck Ttotal Status Flags
r-devel-linux-x86_64-debian-clang 1.0 1.57 16.58 18.15 OK
r-devel-linux-x86_64-debian-gcc 1.0 1.25 13.85 15.10 OK
r-devel-linux-x86_64-fedora-clang 1.0 30.23 OK
r-devel-linux-x86_64-fedora-gcc 1.0 28.72 OK
r-devel-macos-arm64 1.0 14.00 OK
r-devel-macos-x86_64 1.0 20.00 OK
r-devel-windows-x86_64 1.0 3.00 35.00 38.00 OK
r-patched-linux-x86_64 1.0 1.44 15.74 17.18 NOTE
r-release-linux-x86_64 1.0 1.34 15.88 17.22 NOTE
r-release-macos-arm64 1.0 17.00 NOTE
r-release-macos-x86_64 1.0 18.00 NOTE
r-release-windows-x86_64 1.0 4.00 34.00 38.00 NOTE
r-oldrel-macos-arm64 1.0 15.00 NOTE
r-oldrel-macos-x86_64 1.0 19.00 NOTE
r-oldrel-windows-x86_64 1.0 3.00 34.00 37.00 NOTE

Check Details

Version: 1.0
Check: LazyData
Result: NOTE 'LazyData' is specified without a 'data' directory Flavors: r-patched-linux-x86_64, r-release-linux-x86_64, r-release-macos-arm64, r-release-macos-x86_64, r-release-windows-x86_64, r-oldrel-macos-arm64, r-oldrel-macos-x86_64, r-oldrel-windows-x86_64