Last updated on 2025-02-16 09:50:33 CET.
Flavor | Version | Tinstall | Tcheck | Ttotal | Status | Flags |
---|---|---|---|---|---|---|
r-devel-linux-x86_64-debian-clang | 1.0 | 1.58 | 17.63 | 19.21 | NOTE | |
r-devel-linux-x86_64-debian-gcc | 1.0 | 1.43 | 14.17 | 15.60 | NOTE | |
r-devel-linux-x86_64-fedora-clang | 1.0 | 31.21 | NOTE | |||
r-devel-linux-x86_64-fedora-gcc | 1.0 | 29.10 | NOTE | |||
r-devel-macos-arm64 | 1.0 | 14.00 | NOTE | |||
r-devel-macos-x86_64 | 1.0 | 24.00 | NOTE | |||
r-devel-windows-x86_64 | 1.0 | 5.00 | 44.00 | 49.00 | NOTE | |
r-patched-linux-x86_64 | 1.0 | 1.77 | 16.61 | 18.38 | NOTE | |
r-release-linux-x86_64 | 1.0 | 1.71 | 16.70 | 18.41 | NOTE | |
r-release-macos-arm64 | 1.0 | 20.00 | NOTE | |||
r-release-macos-x86_64 | 1.0 | 19.00 | NOTE | |||
r-release-windows-x86_64 | 1.0 | 3.00 | 37.00 | 40.00 | NOTE | |
r-oldrel-macos-arm64 | 1.0 | 16.00 | NOTE | |||
r-oldrel-macos-x86_64 | 1.0 | 21.00 | NOTE | |||
r-oldrel-windows-x86_64 | 1.0 | 3.00 | 36.00 | 39.00 | NOTE |
Version: 1.0
Check: DESCRIPTION meta-information
Result: NOTE
Malformed Title field: should not end in a period.
Flavors: r-devel-linux-x86_64-debian-clang, r-devel-linux-x86_64-debian-gcc, r-devel-linux-x86_64-fedora-clang, r-devel-linux-x86_64-fedora-gcc, r-devel-macos-arm64, r-devel-macos-x86_64, r-devel-windows-x86_64, r-patched-linux-x86_64, r-release-linux-x86_64, r-release-macos-arm64, r-release-macos-x86_64, r-release-windows-x86_64, r-oldrel-macos-arm64, r-oldrel-macos-x86_64, r-oldrel-windows-x86_64