Last updated on 2025-02-16 09:50:33 CET.
Flavor | Version | Tinstall | Tcheck | Ttotal | Status | Flags |
---|---|---|---|---|---|---|
r-devel-linux-x86_64-debian-clang | 0.0.2 | 9.83 | 79.80 | 89.63 | NOTE | |
r-devel-linux-x86_64-debian-gcc | 0.0.2 | 7.34 | 58.27 | 65.61 | NOTE | |
r-devel-linux-x86_64-fedora-clang | 0.0.2 | 153.39 | NOTE | |||
r-devel-linux-x86_64-fedora-gcc | 0.0.2 | 132.87 | NOTE | |||
r-devel-macos-arm64 | 0.0.2 | 51.00 | OK | |||
r-devel-macos-x86_64 | 0.0.2 | 84.00 | NOTE | |||
r-devel-windows-x86_64 | 0.0.2 | 12.00 | 107.00 | 119.00 | NOTE | |
r-patched-linux-x86_64 | 0.0.2 | 16.19 | 74.54 | 90.73 | OK | |
r-release-linux-x86_64 | 0.0.2 | 9.34 | 74.29 | 83.63 | OK | |
r-release-macos-arm64 | 0.0.2 | 50.00 | OK | |||
r-release-macos-x86_64 | 0.0.2 | 70.00 | OK | |||
r-release-windows-x86_64 | 0.0.2 | 11.00 | 105.00 | 116.00 | OK | |
r-oldrel-macos-arm64 | 0.0.2 | 51.00 | OK | |||
r-oldrel-macos-x86_64 | 0.0.2 | 94.00 | OK | |||
r-oldrel-windows-x86_64 | 0.0.2 | 15.00 | 132.00 | 147.00 | OK |
Version: 0.0.2
Check: DESCRIPTION meta-information
Result: NOTE
Missing dependency on R >= 4.1.0 because package code uses the pipe
|> or function shorthand \(...) syntax added in R 4.1.0.
File(s) using such syntax:
‘akaike_adjusted_rsq.R’ ‘filter_vif.R’ ‘fit_models.R’
‘select_models.R’
Flavors: r-devel-linux-x86_64-debian-clang, r-devel-linux-x86_64-debian-gcc, r-devel-linux-x86_64-fedora-clang, r-devel-linux-x86_64-fedora-gcc, r-devel-macos-x86_64, r-devel-windows-x86_64
Version: 0.0.2
Check: Rd cross-references
Result: NOTE
Found the following Rd file(s) with Rd \link{} targets missing package
anchors:
AICc_permanova2.Rd: adonis2
fit_models.Rd: vegdist, adonis2
Please provide package anchors for all Rd \link{} targets not in the
package itself and the base packages.
Flavors: r-devel-linux-x86_64-debian-clang, r-devel-linux-x86_64-debian-gcc, r-devel-windows-x86_64