CRAN Package Check Results for Package zoib

Last updated on 2025-02-19 09:51:08 CET.

Flavor Version Tinstall Tcheck Ttotal Status Flags
r-devel-linux-x86_64-debian-clang 1.6 10.59 50.29 60.88 NOTE
r-devel-linux-x86_64-debian-gcc 1.6 6.45 33.44 39.89 NOTE
r-devel-linux-x86_64-fedora-clang 1.6 95.43 OK
r-devel-linux-x86_64-fedora-gcc 1.6 90.72 OK
r-devel-macos-arm64 1.6 26.00 OK
r-devel-macos-x86_64 1.6 50.00 OK
r-devel-windows-x86_64 1.6 9.00 70.00 79.00 NOTE
r-patched-linux-x86_64 1.6 13.45 48.71 62.16 OK
r-release-linux-x86_64 1.6 8.04 47.34 55.38 OK
r-release-macos-arm64 1.6 26.00 OK
r-release-macos-x86_64 1.6 40.00 OK
r-release-windows-x86_64 1.6 12.00 70.00 82.00 OK
r-oldrel-macos-arm64 1.6 28.00 OK
r-oldrel-macos-x86_64 1.6 77.00 OK
r-oldrel-windows-x86_64 1.6 9.00 95.00 104.00 OK

Check Details

Version: 1.6
Check: Rd cross-references
Result: NOTE Found the following Rd file(s) with Rd \link{} targets missing package anchors: zoib.Rd: Formula Please provide package anchors for all Rd \link{} targets not in the package itself and the base packages. Flavors: r-devel-linux-x86_64-debian-clang, r-devel-linux-x86_64-debian-gcc, r-devel-windows-x86_64