CRAN Package Check Results for Package zen4R

Last updated on 2025-04-15 09:52:37 CEST.

Flavor Version Tinstall Tcheck Ttotal Status Flags
r-devel-linux-x86_64-debian-clang 0.10 14.62 90.93 105.55 NOTE
r-devel-linux-x86_64-debian-gcc 0.10 10.02 60.98 71.00 NOTE
r-devel-linux-x86_64-fedora-clang 0.10 164.47 OK
r-devel-linux-x86_64-fedora-gcc 0.10 172.98 OK
r-devel-windows-x86_64 0.10 16.00 108.00 124.00 NOTE
r-patched-linux-x86_64 0.10 16.78 84.48 101.26 NOTE
r-release-linux-x86_64 0.10 15.20 84.28 99.48 NOTE
r-release-macos-arm64 0.10 56.00 OK
r-release-macos-x86_64 0.10 118.00 OK
r-release-windows-x86_64 0.10 16.00 109.00 125.00 NOTE
r-oldrel-macos-arm64 0.10 52.00 OK
r-oldrel-macos-x86_64 0.10 137.00 OK
r-oldrel-windows-x86_64 0.10 21.00 132.00 153.00 OK

Check Details

Version: 0.10
Check: Rd cross-references
Result: NOTE Found the following Rd file(s) with Rd \link{} targets missing package anchors: ZenodoManager.Rd: R6Class ZenodoRecord.Rd: R6Class, DCEntry ZenodoRequest.Rd: R6Class zen4RLogger.Rd: R6Class Please provide package anchors for all Rd \link{} targets not in the package itself and the base packages. Flavors: r-devel-linux-x86_64-debian-clang, r-devel-linux-x86_64-debian-gcc, r-devel-windows-x86_64, r-patched-linux-x86_64, r-release-linux-x86_64, r-release-windows-x86_64