Last updated on 2025-02-19 09:51:08 CET.
Flavor | Version | Tinstall | Tcheck | Ttotal | Status | Flags |
---|---|---|---|---|---|---|
r-devel-linux-x86_64-debian-clang | 1.8-4 | 2.57 | 54.28 | 56.85 | NOTE | |
r-devel-linux-x86_64-debian-gcc | 1.8-4 | 2.28 | 42.58 | 44.86 | NOTE | |
r-devel-linux-x86_64-fedora-clang | 1.8-4 | 93.67 | NOTE | |||
r-devel-linux-x86_64-fedora-gcc | 1.8-4 | 104.25 | NOTE | |||
r-devel-macos-arm64 | 1.8-4 | 53.00 | OK | |||
r-devel-macos-x86_64 | 1.8-4 | 94.00 | OK | |||
r-devel-windows-x86_64 | 1.8-4 | 6.00 | 115.00 | 121.00 | OK | |
r-patched-linux-x86_64 | 1.8-4 | 3.23 | 51.30 | 54.53 | NOTE | |
r-release-linux-x86_64 | 1.8-4 | 2.24 | 51.61 | 53.85 | NOTE | |
r-release-macos-arm64 | 1.8-4 | 45.00 | OK | |||
r-release-macos-x86_64 | 1.8-4 | 153.00 | OK | |||
r-release-windows-x86_64 | 1.8-4 | 6.00 | 115.00 | 121.00 | OK | |
r-oldrel-macos-arm64 | 1.8-4 | 57.00 | OK | |||
r-oldrel-macos-x86_64 | 1.8-4 | 61.00 | OK | |||
r-oldrel-windows-x86_64 | 1.8-4 | 6.00 | 107.00 | 113.00 | OK |
Version: 1.8-4
Check: for non-standard things in the check directory
Result: NOTE
Found the following files/directories:
‘xtable.html’ ‘xtable.tex’
Flavors: r-devel-linux-x86_64-debian-clang, r-devel-linux-x86_64-debian-gcc, r-devel-linux-x86_64-fedora-clang, r-devel-linux-x86_64-fedora-gcc, r-patched-linux-x86_64, r-release-linux-x86_64