Last updated on 2025-02-16 09:50:56 CET.
Flavor | Version | Tinstall | Tcheck | Ttotal | Status | Flags |
---|---|---|---|---|---|---|
r-devel-linux-x86_64-debian-clang | 1.1.19 | 7.93 | 129.32 | 137.25 | NOTE | |
r-devel-linux-x86_64-debian-gcc | 1.1.19 | 4.80 | 82.43 | 87.23 | NOTE | |
r-devel-linux-x86_64-fedora-clang | 1.1.19 | 205.19 | NOTE | |||
r-devel-linux-x86_64-fedora-gcc | 1.1.19 | 211.88 | NOTE | |||
r-devel-macos-arm64 | 1.1.19 | 77.00 | NOTE | |||
r-devel-macos-x86_64 | 1.1.19 | 157.00 | NOTE | |||
r-devel-windows-x86_64 | 1.1.19 | 9.00 | 155.00 | 164.00 | NOTE | |
r-patched-linux-x86_64 | 1.1.19 | 7.61 | 106.94 | 114.55 | NOTE | |
r-release-linux-x86_64 | 1.1.19 | 5.86 | 108.53 | 114.39 | NOTE | |
r-release-macos-arm64 | 1.1.19 | 67.00 | NOTE | |||
r-release-macos-x86_64 | 1.1.19 | 103.00 | NOTE | |||
r-release-windows-x86_64 | 1.1.19 | 9.00 | 143.00 | 152.00 | NOTE | |
r-oldrel-macos-arm64 | 1.1.19 | 68.00 | OK | |||
r-oldrel-macos-x86_64 | 1.1.19 | 100.00 | OK | |||
r-oldrel-windows-x86_64 | 1.1.19 | 13.00 | 167.00 | 180.00 | OK |
Version: 1.1.19
Check: Rd files
Result: NOTE
checkRd: (-1) completeManualPage.Rd:12: Lost braces
12 | See \emph{\bold{code{\link{ProcessingContext}}}}. Only
| ^
checkRd: (-1) produceAllManualPagesFromObject.Rd:14: Lost braces
14 | See \emph{\bold{\\code{\link{ProcessingContext}}}}.}
| ^
Flavors: r-devel-linux-x86_64-debian-clang, r-devel-linux-x86_64-debian-gcc, r-devel-linux-x86_64-fedora-clang, r-devel-linux-x86_64-fedora-gcc, r-devel-macos-arm64, r-devel-macos-x86_64, r-devel-windows-x86_64, r-patched-linux-x86_64, r-release-linux-x86_64, r-release-macos-arm64, r-release-macos-x86_64, r-release-windows-x86_64