Last updated on 2025-02-19 09:51:07 CET.
Flavor | Version | Tinstall | Tcheck | Ttotal | Status | Flags |
---|---|---|---|---|---|---|
r-devel-linux-x86_64-debian-clang | 0.0-4.2 | 1.57 | 15.10 | 16.67 | NOTE | |
r-devel-linux-x86_64-debian-gcc | 0.0-4.2 | 1.22 | 12.63 | 13.85 | NOTE | |
r-devel-linux-x86_64-fedora-clang | 0.0-4.2 | 26.77 | NOTE | |||
r-devel-linux-x86_64-fedora-gcc | 0.0-4.2 | 26.49 | NOTE | |||
r-devel-macos-arm64 | 0.0-4.2 | 14.00 | NOTE | |||
r-devel-macos-x86_64 | 0.0-4.2 | 20.00 | NOTE | |||
r-devel-windows-x86_64 | 0.0-4.2 | 2.00 | 35.00 | 37.00 | NOTE | |
r-patched-linux-x86_64 | 0.0-4.2 | 1.53 | 14.53 | 16.06 | NOTE | |
r-release-linux-x86_64 | 0.0-4.2 | 1.44 | 14.65 | 16.09 | NOTE | |
r-release-macos-arm64 | 0.0-4.2 | 13.00 | NOTE | |||
r-release-macos-x86_64 | 0.0-4.2 | 19.00 | NOTE | |||
r-release-windows-x86_64 | 0.0-4.2 | 2.00 | 33.00 | 35.00 | NOTE | |
r-oldrel-macos-arm64 | 0.0-4.2 | 16.00 | NOTE | |||
r-oldrel-macos-x86_64 | 0.0-4.2 | 17.00 | NOTE | |||
r-oldrel-windows-x86_64 | 0.0-4.2 | 2.00 | 32.00 | 34.00 | NOTE |
Version: 0.0-4.2
Check: DESCRIPTION meta-information
Result: NOTE
Malformed Title field: should not end in a period.
Flavors: r-devel-linux-x86_64-debian-clang, r-devel-linux-x86_64-debian-gcc, r-devel-linux-x86_64-fedora-clang, r-devel-linux-x86_64-fedora-gcc, r-devel-macos-arm64, r-devel-macos-x86_64, r-devel-windows-x86_64, r-patched-linux-x86_64, r-release-linux-x86_64, r-release-macos-arm64, r-release-macos-x86_64, r-release-windows-x86_64, r-oldrel-macos-arm64, r-oldrel-macos-x86_64, r-oldrel-windows-x86_64