Last updated on 2025-02-19 09:51:07 CET.
Flavor | Version | Tinstall | Tcheck | Ttotal | Status | Flags |
---|---|---|---|---|---|---|
r-devel-linux-x86_64-debian-clang | 1.1-1 | 2.24 | 44.92 | 47.16 | OK | |
r-devel-linux-x86_64-debian-gcc | 1.1-1 | 1.75 | 33.73 | 35.48 | OK | |
r-devel-linux-x86_64-fedora-clang | 1.1-1 | 58.79 | OK | |||
r-devel-linux-x86_64-fedora-gcc | 1.1-1 | 57.25 | OK | |||
r-devel-macos-arm64 | 1.1-1 | 28.00 | OK | |||
r-devel-macos-x86_64 | 1.1-1 | 42.00 | OK | |||
r-devel-windows-x86_64 | 1.1-1 | 5.00 | 62.00 | 67.00 | OK | |
r-patched-linux-x86_64 | 1.1-1 | 2.46 | 38.20 | 40.66 | OK | |
r-release-linux-x86_64 | 1.1-1 | 2.41 | 39.37 | 41.78 | OK | |
r-release-macos-arm64 | 1.1-1 | 34.00 | NOTE | |||
r-release-macos-x86_64 | 1.1-1 | 47.00 | NOTE | |||
r-release-windows-x86_64 | 1.1-1 | 5.00 | 63.00 | 68.00 | NOTE | |
r-oldrel-macos-arm64 | 1.1-1 | 26.00 | NOTE | |||
r-oldrel-macos-x86_64 | 1.1-1 | 38.00 | NOTE | |||
r-oldrel-windows-x86_64 | 1.1-1 | 7.00 | 103.00 | 110.00 | NOTE |
Version: 1.1-1
Check: installed package size
Result: NOTE
installed size is 11.4Mb
sub-directories of 1Mb or more:
data 11.3Mb
Flavors: r-release-macos-arm64, r-release-macos-x86_64, r-release-windows-x86_64, r-oldrel-macos-arm64, r-oldrel-macos-x86_64, r-oldrel-windows-x86_64