CRAN Package Check Results for Package warabandi

Last updated on 2025-02-19 09:51:07 CET.

Flavor Version Tinstall Tcheck Ttotal Status Flags
r-devel-linux-x86_64-debian-clang 0.1.0 1.95 25.46 27.41 OK
r-devel-linux-x86_64-debian-gcc 0.1.0 1.42 19.02 20.44 OK
r-devel-linux-x86_64-fedora-clang 0.1.0 45.05 NOTE
r-devel-linux-x86_64-fedora-gcc 0.1.0 56.54 NOTE
r-devel-macos-arm64 0.1.0 23.00 OK
r-devel-macos-x86_64 0.1.0 41.00 OK
r-devel-windows-x86_64 0.1.0 4.00 51.00 55.00 OK
r-patched-linux-x86_64 0.1.0 1.73 23.56 25.29 OK
r-release-linux-x86_64 0.1.0 1.70 23.47 25.17 OK
r-release-macos-arm64 0.1.0 22.00 OK
r-release-macos-x86_64 0.1.0 34.00 OK
r-release-windows-x86_64 0.1.0 3.00 47.00 50.00 OK
r-oldrel-macos-arm64 0.1.0 25.00 OK
r-oldrel-macos-x86_64 0.1.0 37.00 OK
r-oldrel-windows-x86_64 0.1.0 4.00 50.00 54.00 OK

Check Details

Version: 0.1.0
Check: dependencies in R code
Result: NOTE Namespace in Imports field not imported from: ‘flextable’ All declared Imports should be used. Flavors: r-devel-linux-x86_64-fedora-clang, r-devel-linux-x86_64-fedora-gcc