Last updated on 2025-10-27 08:50:11 CET.
| Flavor | Version | Tinstall | Tcheck | Ttotal | Status | Flags | 
|---|---|---|---|---|---|---|
| r-devel-linux-x86_64-debian-clang | 1.2 | 3.21 | 37.84 | 41.05 | NOTE | |
| r-devel-linux-x86_64-debian-gcc | 1.2 | 2.26 | 26.71 | 28.97 | NOTE | |
| r-devel-linux-x86_64-fedora-clang | 1.2 | 61.77 | OK | |||
| r-devel-linux-x86_64-fedora-gcc | 1.2 | 60.41 | OK | |||
| r-devel-windows-x86_64 | 1.2 | 4.00 | 54.00 | 58.00 | OK | |
| r-patched-linux-x86_64 | 1.2 | 3.31 | 36.40 | 39.71 | OK | |
| r-release-linux-x86_64 | 1.2 | 3.20 | 36.32 | 39.52 | OK | |
| r-release-macos-arm64 | 1.2 | 2.00 | 18.00 | 20.00 | OK | |
| r-release-macos-x86_64 | 1.2 | 4.00 | 41.00 | 45.00 | OK | |
| r-release-windows-x86_64 | 1.2 | 3.00 | 58.00 | 61.00 | OK | |
| r-oldrel-macos-arm64 | 1.2 | 1.00 | 18.00 | 19.00 | OK | |
| r-oldrel-macos-x86_64 | 1.2 | 3.00 | 34.00 | 37.00 | OK | |
| r-oldrel-windows-x86_64 | 1.2 | 4.00 | 54.00 | 58.00 | OK | 
Version: 1.2
Check: CRAN incoming feasibility
Result: NOTE
  Maintainer: ‘Jae H. Kim <jaekim8080@gmail.com>’
  
  No Authors@R field in DESCRIPTION.
  Please add one, modifying
    Authors@R: person(given = c("Jae", "H."),
                      family = "Kim",
                      role = c("aut", "cre"),
                      email = "jaekim8080@gmail.com")
  as necessary.
Flavors: r-devel-linux-x86_64-debian-clang, r-devel-linux-x86_64-debian-gcc