Last updated on 2025-02-16 09:50:55 CET.
Flavor | Version | Tinstall | Tcheck | Ttotal | Status | Flags |
---|---|---|---|---|---|---|
r-devel-linux-x86_64-debian-clang | 1.2-2 | 2.93 | 23.96 | 26.89 | NOTE | |
r-devel-linux-x86_64-debian-gcc | 1.2-2 | 2.08 | 17.99 | 20.07 | NOTE | |
r-devel-linux-x86_64-fedora-clang | 1.2-2 | 43.48 | NOTE | |||
r-devel-linux-x86_64-fedora-gcc | 1.2-2 | 40.83 | NOTE | |||
r-devel-macos-arm64 | 1.2-2 | 15.00 | NOTE | |||
r-devel-macos-x86_64 | 1.2-2 | 38.00 | NOTE | |||
r-devel-windows-x86_64 | 1.2-2 | 3.00 | 42.00 | 45.00 | NOTE | |
r-patched-linux-x86_64 | 1.2-2 | 2.52 | 22.61 | 25.13 | NOTE | |
r-release-linux-x86_64 | 1.2-2 | 2.56 | 22.72 | 25.28 | NOTE | |
r-release-macos-arm64 | 1.2-2 | 15.00 | NOTE | |||
r-release-macos-x86_64 | 1.2-2 | 34.00 | NOTE | |||
r-release-windows-x86_64 | 1.2-2 | 3.00 | 42.00 | 45.00 | NOTE | |
r-oldrel-macos-arm64 | 1.2-2 | 17.00 | NOTE | |||
r-oldrel-macos-x86_64 | 1.2-2 | 23.00 | NOTE | |||
r-oldrel-windows-x86_64 | 1.2-2 | 6.00 | 44.00 | 50.00 | NOTE |
Version: 1.2-2
Check: Rd files
Result: NOTE
checkRd: (-1) compute.means.Rd:23: Escaped LaTeX specials: \&
checkRd: (-1) norm.wattfabricius.Rd:5: Escaped LaTeX specials: \&
Flavors: r-devel-linux-x86_64-debian-clang, r-devel-linux-x86_64-debian-gcc, r-devel-linux-x86_64-fedora-clang, r-devel-linux-x86_64-fedora-gcc, r-devel-macos-arm64, r-devel-macos-x86_64, r-devel-windows-x86_64, r-patched-linux-x86_64, r-release-linux-x86_64, r-release-macos-arm64, r-release-macos-x86_64, r-release-windows-x86_64, r-oldrel-macos-arm64, r-oldrel-macos-x86_64, r-oldrel-windows-x86_64