Last updated on 2025-02-19 09:51:07 CET.
Flavor | Version | Tinstall | Tcheck | Ttotal | Status | Flags |
---|---|---|---|---|---|---|
r-devel-linux-x86_64-debian-clang | 0.2.1 | 4.09 | 75.32 | 79.41 | OK | |
r-devel-linux-x86_64-debian-gcc | 0.2.1 | 3.31 | 55.97 | 59.28 | OK | |
r-devel-linux-x86_64-fedora-clang | 0.2.1 | 123.28 | OK | |||
r-devel-linux-x86_64-fedora-gcc | 0.2.1 | 135.48 | OK | |||
r-devel-macos-arm64 | 0.2.1 | 58.00 | OK | |||
r-devel-macos-x86_64 | 0.2.1 | 102.00 | OK | |||
r-devel-windows-x86_64 | 0.2.1 | 6.00 | 114.00 | 120.00 | OK | |
r-patched-linux-x86_64 | 0.2.1 | 4.66 | 70.98 | 75.64 | NOTE | |
r-release-linux-x86_64 | 0.2.1 | 4.07 | 71.80 | 75.87 | NOTE | |
r-release-macos-arm64 | 0.2.1 | 57.00 | NOTE | |||
r-release-macos-x86_64 | 0.2.1 | 75.00 | NOTE | |||
r-release-windows-x86_64 | 0.2.1 | 8.00 | 92.00 | 100.00 | NOTE | |
r-oldrel-macos-arm64 | 0.2.1 | 63.00 | NOTE | |||
r-oldrel-macos-x86_64 | 0.2.1 | 81.00 | NOTE | |||
r-oldrel-windows-x86_64 | 0.2.1 | 8.00 | 100.00 | 108.00 | NOTE |
Version: 0.2.1
Check: LazyData
Result: NOTE
'LazyData' is specified without a 'data' directory
Flavors: r-patched-linux-x86_64, r-release-linux-x86_64, r-release-macos-arm64, r-release-macos-x86_64, r-release-windows-x86_64, r-oldrel-macos-arm64, r-oldrel-macos-x86_64, r-oldrel-windows-x86_64