Last updated on 2025-02-19 09:51:07 CET.
Flavor | Version | Tinstall | Tcheck | Ttotal | Status | Flags |
---|---|---|---|---|---|---|
r-devel-linux-x86_64-debian-clang | 1.0.0 | 17.62 | 37.26 | 54.88 | OK | |
r-devel-linux-x86_64-debian-gcc | 1.0.0 | 14.70 | 28.36 | 43.06 | OK | |
r-devel-linux-x86_64-fedora-clang | 1.0.0 | 93.98 | NOTE | |||
r-devel-linux-x86_64-fedora-gcc | 1.0.0 | 95.07 | NOTE | |||
r-devel-macos-arm64 | 1.0.0 | 33.00 | OK | |||
r-devel-macos-x86_64 | 1.0.0 | 64.00 | OK | |||
r-devel-windows-x86_64 | 1.0.0 | 21.00 | 78.00 | 99.00 | OK | |
r-patched-linux-x86_64 | 1.0.0 | 20.87 | 34.88 | 55.75 | NOTE | |
r-release-linux-x86_64 | 1.0.0 | 19.51 | 35.15 | 54.66 | NOTE | |
r-release-macos-arm64 | 1.0.0 | 30.00 | NOTE | |||
r-release-macos-x86_64 | 1.0.0 | 50.00 | NOTE | |||
r-release-windows-x86_64 | 1.0.0 | 23.00 | 80.00 | 103.00 | NOTE | |
r-oldrel-macos-arm64 | 1.0.0 | 34.00 | NOTE | |||
r-oldrel-macos-x86_64 | 1.0.0 | 52.00 | NOTE | |||
r-oldrel-windows-x86_64 | 1.0.0 | 21.00 | 108.00 | 129.00 | NOTE |
Version: 1.0.0
Check: compiled code
Result: NOTE
File ‘vita/libs/vita.so’:
Found no calls to: ‘R_registerRoutines’, ‘R_useDynamicSymbols’
It is good practice to register native routines and to disable symbol
search.
See ‘Writing portable packages’ in the ‘Writing R Extensions’ manual.
Flavors: r-devel-linux-x86_64-fedora-clang, r-devel-linux-x86_64-fedora-gcc
Version: 1.0.0
Check: LazyData
Result: NOTE
'LazyData' is specified without a 'data' directory
Flavors: r-patched-linux-x86_64, r-release-linux-x86_64, r-release-macos-arm64, r-release-macos-x86_64, r-release-windows-x86_64, r-oldrel-macos-arm64, r-oldrel-macos-x86_64, r-oldrel-windows-x86_64