Last updated on 2025-02-16 09:50:55 CET.
Flavor | Version | Tinstall | Tcheck | Ttotal | Status | Flags |
---|---|---|---|---|---|---|
r-devel-linux-x86_64-debian-clang | 0.1.0 | 5.42 | 225.92 | 231.34 | OK | |
r-devel-linux-x86_64-debian-gcc | 0.1.0 | 3.59 | 136.08 | 139.67 | OK | |
r-devel-linux-x86_64-fedora-clang | 0.1.0 | 383.78 | NOTE | |||
r-devel-linux-x86_64-fedora-gcc | 0.1.0 | 368.65 | NOTE | |||
r-devel-macos-arm64 | 0.1.0 | 96.00 | OK | |||
r-devel-macos-x86_64 | 0.1.0 | 207.00 | OK | |||
r-devel-windows-x86_64 | 0.1.0 | 8.00 | 208.00 | 216.00 | OK | |
r-patched-linux-x86_64 | 0.1.0 | 5.24 | 207.90 | 213.14 | OK | |
r-release-linux-x86_64 | 0.1.0 | 4.81 | 211.20 | 216.01 | OK | |
r-release-macos-arm64 | 0.1.0 | 96.00 | OK | |||
r-release-macos-x86_64 | 0.1.0 | 155.00 | OK | |||
r-release-windows-x86_64 | 0.1.0 | 9.00 | 211.00 | 220.00 | OK | |
r-oldrel-macos-arm64 | 0.1.0 | 105.00 | OK | |||
r-oldrel-macos-x86_64 | 0.1.0 | 166.00 | OK | |||
r-oldrel-windows-x86_64 | 0.1.0 | 11.00 | 257.00 | 268.00 | OK |
Version: 0.1.0
Check: dependencies in R code
Result: NOTE
Namespaces in Imports field not imported from:
‘mclust’ ‘rlang’
All declared Imports should be used.
Flavors: r-devel-linux-x86_64-fedora-clang, r-devel-linux-x86_64-fedora-gcc