Last updated on 2025-04-15 09:52:36 CEST.
Flavor | Version | Tinstall | Tcheck | Ttotal | Status | Flags |
---|---|---|---|---|---|---|
r-devel-linux-x86_64-debian-clang | 1.0.6 | 64.68 | 184.04 | 248.72 | OK | |
r-devel-linux-x86_64-debian-gcc | 1.0.6 | 46.65 | 137.18 | 183.83 | OK | |
r-devel-linux-x86_64-fedora-clang | 1.0.6 | 397.01 | OK | |||
r-devel-linux-x86_64-fedora-gcc | 1.0.6 | 398.91 | OK | |||
r-devel-windows-x86_64 | 1.0.6 | 64.00 | 188.00 | 252.00 | OK | |
r-patched-linux-x86_64 | 1.0.6 | 66.50 | 178.72 | 245.22 | OK | |
r-release-linux-x86_64 | 1.0.6 | 69.22 | 181.14 | 250.36 | OK | |
r-release-macos-arm64 | 1.0.6 | 173.00 | OK | |||
r-release-macos-x86_64 | 1.0.6 | 270.00 | OK | |||
r-release-windows-x86_64 | 1.0.6 | 70.00 | 187.00 | 257.00 | OK | |
r-oldrel-macos-arm64 | 1.0.6 | 108.00 | NOTE | |||
r-oldrel-macos-x86_64 | 1.0.6 | 204.00 | NOTE | |||
r-oldrel-windows-x86_64 | 1.0.6 | 81.00 | 251.00 | 332.00 | OK |
Version: 1.0.6
Check: installed package size
Result: NOTE
installed size is 7.2Mb
sub-directories of 1Mb or more:
libs 6.7Mb
Flavors: r-oldrel-macos-arm64, r-oldrel-macos-x86_64