Last updated on 2025-02-16 09:50:55 CET.
Flavor | Version | Tinstall | Tcheck | Ttotal | Status | Flags |
---|---|---|---|---|---|---|
r-devel-linux-x86_64-debian-clang | 0.2.18 | 9.18 | 68.29 | 77.47 | NOTE | |
r-devel-linux-x86_64-debian-gcc | 0.2.18 | 8.22 | 47.34 | 55.56 | NOTE | |
r-devel-linux-x86_64-fedora-clang | 0.2.18 | 125.73 | NOTE | |||
r-devel-linux-x86_64-fedora-gcc | 0.2.18 | 134.60 | NOTE | |||
r-devel-macos-arm64 | 0.2.18 | 47.00 | NOTE | |||
r-devel-macos-x86_64 | 0.2.18 | 116.00 | NOTE | |||
r-devel-windows-x86_64 | 0.2.18 | 22.00 | 92.00 | 114.00 | NOTE | |
r-patched-linux-x86_64 | 0.2.18 | 10.62 | 64.09 | 74.71 | OK | |
r-release-linux-x86_64 | 0.2.18 | 9.73 | 64.05 | 73.78 | OK | |
r-release-macos-arm64 | 0.2.18 | 72.00 | OK | |||
r-release-macos-x86_64 | 0.2.18 | 156.00 | OK | |||
r-release-windows-x86_64 | 0.2.18 | 20.00 | 87.00 | 107.00 | OK | |
r-oldrel-macos-arm64 | 0.2.18 | 53.00 | OK | |||
r-oldrel-macos-x86_64 | 0.2.18 | 86.00 | OK | |||
r-oldrel-windows-x86_64 | 0.2.18 | 23.00 | 103.00 | 126.00 | OK |
Version: 0.2.18
Check: compiled code
Result: NOTE
File ‘vetr/libs/vetr.so’:
Found non-API call to R: ‘SET_TYPEOF’
Compiled code should not call non-API entry points in R.
See ‘Writing portable packages’ in the ‘Writing R Extensions’ manual,
and section ‘Moving into C API compliance’ for issues with the use of
non-API entry points.
Flavors: r-devel-linux-x86_64-debian-clang, r-devel-linux-x86_64-debian-gcc, r-devel-linux-x86_64-fedora-clang, r-devel-linux-x86_64-fedora-gcc, r-devel-macos-arm64, r-devel-macos-x86_64
Version: 0.2.18
Check: compiled code
Result: NOTE
File 'vetr/libs/x64/vetr.dll':
Found non-API call to R: 'SET_TYPEOF'
Compiled code should not call non-API entry points in R.
See 'Writing portable packages' in the 'Writing R Extensions' manual,
and section 'Moving into C API compliance' for issues with the use of
non-API entry points.
Flavor: r-devel-windows-x86_64