Last updated on 2025-02-16 09:50:55 CET.
Flavor | Version | Tinstall | Tcheck | Ttotal | Status | Flags |
---|---|---|---|---|---|---|
r-devel-linux-x86_64-debian-clang | 0.7.1 | 94.15 | 56.73 | 150.88 | OK | |
r-devel-linux-x86_64-debian-gcc | 0.7.1 | 82.38 | 39.55 | 121.93 | OK | |
r-devel-linux-x86_64-fedora-clang | 0.7.1 | 264.88 | OK | |||
r-devel-linux-x86_64-fedora-gcc | 0.7.1 | 336.54 | OK | |||
r-devel-macos-arm64 | 0.7.1 | 74.00 | OK | |||
r-devel-macos-x86_64 | 0.7.1 | 123.00 | OK | |||
r-devel-windows-x86_64 | 0.7.1 | 174.00 | 107.00 | 281.00 | OK | |
r-patched-linux-x86_64 | 0.7.1 | 110.83 | 53.03 | 163.86 | NOTE | |
r-release-linux-x86_64 | 0.7.1 | 115.67 | 53.88 | 169.55 | NOTE | |
r-release-macos-arm64 | 0.7.1 | 76.00 | NOTE | |||
r-release-macos-x86_64 | 0.7.1 | 155.00 | NOTE | |||
r-release-windows-x86_64 | 0.7.1 | 175.00 | 106.00 | 281.00 | NOTE | |
r-oldrel-macos-arm64 | 0.7.1 | 72.00 | NOTE | |||
r-oldrel-macos-x86_64 | 0.7.1 | 156.00 | NOTE | |||
r-oldrel-windows-x86_64 | 0.7.1 | 170.00 | 168.00 | 338.00 | NOTE |
Version: 0.7.1
Check: for GNU extensions in Makefiles
Result: NOTE
GNU make is a SystemRequirements.
Flavors: r-patched-linux-x86_64, r-release-linux-x86_64, r-release-macos-arm64, r-release-macos-x86_64, r-release-windows-x86_64, r-oldrel-macos-arm64, r-oldrel-macos-x86_64, r-oldrel-windows-x86_64
Version: 0.7.1
Check: installed package size
Result: NOTE
installed size is 8.5Mb
sub-directories of 1Mb or more:
libs 7.8Mb
Flavors: r-release-macos-arm64, r-release-macos-x86_64, r-oldrel-macos-arm64, r-oldrel-macos-x86_64