CRAN Package Check Results for Package vasicek

Last updated on 2025-02-16 09:50:55 CET.

Flavor Version Tinstall Tcheck Ttotal Status Flags
r-devel-linux-x86_64-debian-clang 0.0.3 1.76 18.06 19.82 OK
r-devel-linux-x86_64-debian-gcc 0.0.3 1.41 14.58 15.99 OK
r-devel-linux-x86_64-fedora-clang 0.0.3 32.57 OK
r-devel-linux-x86_64-fedora-gcc 0.0.3 30.26 OK
r-devel-macos-arm64 0.0.3 15.00 OK
r-devel-macos-x86_64 0.0.3 24.00 OK
r-devel-windows-x86_64 0.0.3 2.00 42.00 44.00 OK
r-patched-linux-x86_64 0.0.3 1.63 17.21 18.84 NOTE
r-release-linux-x86_64 0.0.3 1.73 17.06 18.79 NOTE
r-release-macos-arm64 0.0.3 14.00 NOTE
r-release-macos-x86_64 0.0.3 29.00 NOTE
r-release-windows-x86_64 0.0.3 3.00 40.00 43.00 NOTE
r-oldrel-macos-arm64 0.0.3 22.00 NOTE
r-oldrel-macos-x86_64 0.0.3 21.00 NOTE
r-oldrel-windows-x86_64 0.0.3 2.00 44.00 46.00 NOTE

Check Details

Version: 0.0.3
Check: LazyData
Result: NOTE 'LazyData' is specified without a 'data' directory Flavors: r-patched-linux-x86_64, r-release-linux-x86_64, r-release-macos-arm64, r-release-macos-x86_64, r-release-windows-x86_64, r-oldrel-macos-arm64, r-oldrel-macos-x86_64, r-oldrel-windows-x86_64