Last updated on 2025-02-16 09:50:55 CET.
Flavor | Version | Tinstall | Tcheck | Ttotal | Status | Flags |
---|---|---|---|---|---|---|
r-devel-linux-x86_64-debian-clang | 0.0.2 | 7.08 | 53.30 | 60.38 | NOTE | |
r-devel-linux-x86_64-debian-gcc | 0.0.2 | 4.31 | 38.66 | 42.97 | NOTE | |
r-devel-linux-x86_64-fedora-clang | 0.0.2 | 100.33 | NOTE | |||
r-devel-linux-x86_64-fedora-gcc | 0.0.2 | 106.49 | NOTE | |||
r-devel-macos-arm64 | 0.0.2 | 38.00 | NOTE | |||
r-devel-macos-x86_64 | 0.0.2 | 71.00 | NOTE | |||
r-devel-windows-x86_64 | 0.0.2 | 10.00 | 87.00 | 97.00 | NOTE | |
r-patched-linux-x86_64 | 0.0.2 | 6.96 | 49.46 | 56.42 | NOTE | |
r-release-linux-x86_64 | 0.0.2 | 4.75 | 50.31 | 55.06 | NOTE | |
r-release-macos-arm64 | 0.0.2 | 35.00 | NOTE | |||
r-release-macos-x86_64 | 0.0.2 | 55.00 | NOTE | |||
r-release-windows-x86_64 | 0.0.2 | 11.00 | 83.00 | 94.00 | NOTE | |
r-oldrel-macos-arm64 | 0.0.2 | 36.00 | OK | |||
r-oldrel-macos-x86_64 | 0.0.2 | 53.00 | OK | |||
r-oldrel-windows-x86_64 | 0.0.2 | 12.00 | 88.00 | 100.00 | OK |
Version: 0.0.2
Check: Rd files
Result: NOTE
checkRd: (-1) get.miniseq.sample.files.Rd:15: Lost braces
15 | \item{file.suffix}{Regex expression for end of file name. For example, `file.suffix = '_S\\d{1,2}_.*_R1_.*'` will match R1 files.1 files.}
| ^
Flavors: r-devel-linux-x86_64-debian-clang, r-devel-linux-x86_64-debian-gcc, r-devel-linux-x86_64-fedora-clang, r-devel-linux-x86_64-fedora-gcc, r-devel-macos-arm64, r-devel-macos-x86_64, r-devel-windows-x86_64, r-patched-linux-x86_64, r-release-linux-x86_64, r-release-macos-arm64, r-release-macos-x86_64, r-release-windows-x86_64