Last updated on 2025-02-16 09:50:55 CET.
Flavor | Version | Tinstall | Tcheck | Ttotal | Status | Flags |
---|---|---|---|---|---|---|
r-devel-linux-x86_64-debian-clang | 0.1.0 | 14.27 | 104.68 | 118.95 | OK | |
r-devel-linux-x86_64-debian-gcc | 0.1.0 | 9.38 | 72.62 | 82.00 | OK | |
r-devel-linux-x86_64-fedora-clang | 0.1.0 | 190.95 | OK | |||
r-devel-linux-x86_64-fedora-gcc | 0.1.0 | 178.92 | OK | |||
r-devel-macos-arm64 | 0.1.0 | 55.00 | OK | |||
r-devel-macos-x86_64 | 0.1.0 | 115.00 | OK | |||
r-devel-windows-x86_64 | 0.1.0 | 13.00 | 111.00 | 124.00 | OK | |
r-patched-linux-x86_64 | 0.1.0 | 13.02 | 97.59 | 110.61 | NOTE | |
r-release-linux-x86_64 | 0.1.0 | 11.85 | 96.28 | 108.13 | NOTE | |
r-release-macos-arm64 | 0.1.0 | 48.00 | NOTE | |||
r-release-macos-x86_64 | 0.1.0 | 86.00 | NOTE | |||
r-release-windows-x86_64 | 0.1.0 | 14.00 | 108.00 | 122.00 | NOTE | |
r-oldrel-macos-arm64 | 0.1.0 | 54.00 | NOTE | |||
r-oldrel-macos-x86_64 | 0.1.0 | 93.00 | NOTE | |||
r-oldrel-windows-x86_64 | 0.1.0 | 18.00 | 141.00 | 159.00 | NOTE |
Version: 0.1.0
Check: LazyData
Result: NOTE
'LazyData' is specified without a 'data' directory
Flavors: r-patched-linux-x86_64, r-release-linux-x86_64, r-release-macos-arm64, r-release-macos-x86_64, r-release-windows-x86_64, r-oldrel-macos-arm64, r-oldrel-macos-x86_64, r-oldrel-windows-x86_64