Last updated on 2025-02-16 09:50:55 CET.
Flavor | Version | Tinstall | Tcheck | Ttotal | Status | Flags |
---|---|---|---|---|---|---|
r-devel-linux-x86_64-debian-clang | 0.2.0 | 6.39 | 53.45 | 59.84 | NOTE | |
r-devel-linux-x86_64-debian-gcc | 0.2.0 | 4.19 | 38.94 | 43.13 | NOTE | |
r-devel-linux-x86_64-fedora-clang | 0.2.0 | 98.37 | NOTE | |||
r-devel-linux-x86_64-fedora-gcc | 0.2.0 | 104.81 | NOTE | |||
r-devel-macos-arm64 | 0.2.0 | 37.00 | OK | |||
r-devel-macos-x86_64 | 0.2.0 | 70.00 | NOTE | |||
r-devel-windows-x86_64 | 0.2.0 | 8.00 | 91.00 | 99.00 | NOTE | |
r-patched-linux-x86_64 | 0.2.0 | 5.85 | 50.15 | 56.00 | OK | |
r-release-linux-x86_64 | 0.2.0 | 4.72 | 50.25 | 54.97 | OK | |
r-release-macos-arm64 | 0.2.0 | 34.00 | OK | |||
r-release-macos-x86_64 | 0.2.0 | 54.00 | OK | |||
r-release-windows-x86_64 | 0.2.0 | 9.00 | 80.00 | 89.00 | OK | |
r-oldrel-macos-arm64 | 0.2.0 | 33.00 | OK | |||
r-oldrel-macos-x86_64 | 0.2.0 | 54.00 | OK | |||
r-oldrel-windows-x86_64 | 0.2.0 | 10.00 | 113.00 | 123.00 | OK |
Version: 0.2.0
Check: DESCRIPTION meta-information
Result: NOTE
Missing dependency on R >= 4.1.0 because package code uses the pipe
|> or function shorthand \(...) syntax added in R 4.1.0.
File(s) using such syntax:
‘benchmark_event.R’ ‘benchmark_score.R’ ‘benchmark_time.R’
‘compare_means_between_groups.R’ ‘compare_means_within_groups.R’
‘compare_rates_between_groups.R’ ‘compare_rates_within_groups.R’
‘get_concordant_discordant_pairs.R’
‘get_confidence_intervals_within_groups.R’
‘table_observed_expected.R’ ‘test_chisq_one.R’ ‘test_mcnemar.R’
‘test_n_1_prop.R’ ‘test_t.R’ ‘test_t_paired.R’
Flavors: r-devel-linux-x86_64-debian-clang, r-devel-linux-x86_64-debian-gcc, r-devel-linux-x86_64-fedora-clang, r-devel-linux-x86_64-fedora-gcc, r-devel-macos-x86_64, r-devel-windows-x86_64