CRAN Package Check Results for Package usfertilizer

Last updated on 2025-04-15 09:52:36 CEST.

Flavor Version Tinstall Tcheck Ttotal Status Flags
r-devel-linux-x86_64-debian-clang 0.1.5 1.83 46.52 48.35 OK
r-devel-linux-x86_64-debian-gcc 0.1.5 1.58 32.86 34.44 OK
r-devel-linux-x86_64-fedora-clang 0.1.5 72.80 NOTE
r-devel-linux-x86_64-fedora-gcc 0.1.5 84.70 NOTE
r-devel-windows-x86_64 0.1.5 4.00 60.00 64.00 OK
r-patched-linux-x86_64 0.1.5 1.96 45.42 47.38 OK
r-release-linux-x86_64 0.1.5 1.93 45.54 47.47 OK
r-release-macos-arm64 0.1.5 35.00 OK
r-release-macos-x86_64 0.1.5 70.00 OK
r-release-windows-x86_64 0.1.5 3.00 61.00 64.00 OK
r-oldrel-macos-arm64 0.1.5 39.00 OK
r-oldrel-macos-x86_64 0.1.5 52.00 OK
r-oldrel-windows-x86_64 0.1.5 5.00 71.00 76.00 OK

Check Details

Version: 0.1.5
Check: dependencies in R code
Result: NOTE Namespace in Imports field not imported from: ‘tidyverse’ All declared Imports should be used. Flavors: r-devel-linux-x86_64-fedora-clang, r-devel-linux-x86_64-fedora-gcc